CRAN Package Check Results for Package remindR

Last updated on 2025-07-04 09:50:01 CEST.

Flavor Version Tinstall Tcheck Ttotal Status Flags
r-devel-linux-x86_64-debian-clang 0.0.1 1.68 20.76 22.44 OK
r-devel-linux-x86_64-debian-gcc 0.0.1 1.49 17.42 18.91 OK
r-devel-linux-x86_64-fedora-clang 0.0.1 36.18 OK
r-devel-linux-x86_64-fedora-gcc 0.0.1 47.59 OK
r-devel-windows-x86_64 0.0.1 2.00 44.00 46.00 OK
r-patched-linux-x86_64 0.0.1 1.72 19.95 21.67 OK
r-release-linux-x86_64 0.0.1 1.42 19.64 21.06 OK
r-release-macos-arm64 0.0.1 24.00 OK
r-release-macos-x86_64 0.0.1 37.00 OK
r-release-windows-x86_64 0.0.1 3.00 44.00 47.00 OK
r-oldrel-macos-arm64 0.0.1 20.00 NOTE
r-oldrel-macos-x86_64 0.0.1 35.00 NOTE
r-oldrel-windows-x86_64 0.0.1 2.00 46.00 48.00 NOTE

Check Details

Version: 0.0.1
Check: LazyData
Result: NOTE 'LazyData' is specified without a 'data' directory Flavors: r-oldrel-macos-arm64, r-oldrel-macos-x86_64, r-oldrel-windows-x86_64