Last updated on 2025-10-22 09:50:49 CEST.
Flavor | Version | Tinstall | Tcheck | Ttotal | Status | Flags |
---|---|---|---|---|---|---|
r-devel-linux-x86_64-debian-clang | 0.1.5 | 25.63 | 207.09 | 232.72 | NOTE | |
r-devel-linux-x86_64-debian-gcc | 0.1.5 | 19.55 | 139.22 | 158.77 | NOTE | |
r-devel-linux-x86_64-fedora-clang | 0.1.5 | 60.00 | 320.89 | 380.89 | OK | |
r-devel-linux-x86_64-fedora-gcc | 0.1.5 | 62.00 | 349.32 | 411.32 | OK | |
r-devel-windows-x86_64 | 0.1.5 | 38.00 | 214.00 | 252.00 | OK | |
r-patched-linux-x86_64 | 0.1.5 | 28.30 | 201.56 | 229.86 | OK | |
r-release-linux-x86_64 | 0.1.5 | 27.63 | 201.29 | 228.92 | OK | |
r-release-macos-arm64 | 0.1.5 | 12.00 | 110.00 | 122.00 | OK | |
r-release-macos-x86_64 | 0.1.5 | 15.00 | 216.00 | 231.00 | OK | |
r-release-windows-x86_64 | 0.1.5 | 63.00 | 211.00 | 274.00 | OK | |
r-oldrel-macos-arm64 | 0.1.5 | 15.00 | 93.00 | 108.00 | OK | |
r-oldrel-macos-x86_64 | 0.1.5 | 13.00 | 148.00 | 161.00 | OK | |
r-oldrel-windows-x86_64 | 0.1.5 | 44.00 | 273.00 | 317.00 | OK |
Version: 0.1.5
Check: HTML version of manual
Result: NOTE
Found the following HTML validation problems:
dist_col_type.html:67:1 (dist_col_type.Rd:22): Warning: missing </ul> before </div>
within_category_compare_cpp.html:78:1 (within_category_compare_cpp.Rd:31): Warning: missing </ul> before </div>
Flavors: r-devel-linux-x86_64-debian-clang, r-devel-linux-x86_64-debian-gcc