Last updated on 2025-10-22 09:50:49 CEST.
Flavor | Version | Tinstall | Tcheck | Ttotal | Status | Flags |
---|---|---|---|---|---|---|
r-devel-linux-x86_64-debian-clang | 1.0.0 | 17.58 | 22.68 | 40.26 | OK | |
r-devel-linux-x86_64-debian-gcc | 1.0.0 | 14.27 | 18.55 | 32.82 | OK | |
r-devel-linux-x86_64-fedora-clang | 1.0.0 | 35.00 | 22.60 | 57.60 | OK | |
r-devel-linux-x86_64-fedora-gcc | 1.0.0 | 47.00 | 11.06 | 58.06 | OK | |
r-devel-windows-x86_64 | 1.0.0 | 19.00 | 38.00 | 57.00 | OK | |
r-patched-linux-x86_64 | 1.0.0 | 17.61 | 20.60 | 38.21 | OK | |
r-release-linux-x86_64 | 1.0.0 | 17.24 | 20.79 | 38.03 | OK | |
r-release-macos-arm64 | 1.0.0 | 11.00 | 16.00 | 27.00 | OK | |
r-release-macos-x86_64 | 1.0.0 | 21.00 | 31.00 | 52.00 | OK | |
r-release-windows-x86_64 | 1.0.0 | 23.00 | 38.00 | 61.00 | OK | |
r-oldrel-macos-arm64 | 1.0.0 | 13.00 | 19.00 | 32.00 | NOTE | |
r-oldrel-macos-x86_64 | 1.0.0 | 15.00 | 39.00 | 54.00 | NOTE | |
r-oldrel-windows-x86_64 | 1.0.0 | 23.00 | 42.00 | 65.00 | NOTE |
Version: 1.0.0
Check: installed package size
Result: NOTE
installed size is 8.4Mb
sub-directories of 1Mb or more:
data 8.3Mb
Flavors: r-oldrel-macos-arm64, r-oldrel-macos-x86_64, r-oldrel-windows-x86_64