Last updated on 2025-10-23 09:50:57 CEST.
| Flavor | Version | Tinstall | Tcheck | Ttotal | Status | Flags |
|---|---|---|---|---|---|---|
| r-devel-linux-x86_64-debian-clang | 0.2.1 | 1.76 | 21.94 | 23.70 | OK | |
| r-devel-linux-x86_64-debian-gcc | 0.2.1 | 1.53 | 17.12 | 18.65 | OK | |
| r-devel-linux-x86_64-fedora-clang | 0.2.1 | 33.67 | OK | |||
| r-devel-linux-x86_64-fedora-gcc | 0.2.1 | 34.34 | OK | |||
| r-devel-windows-x86_64 | 0.2.1 | 4.00 | 40.00 | 44.00 | OK | |
| r-patched-linux-x86_64 | 0.2.1 | 1.78 | 20.39 | 22.17 | OK | |
| r-release-linux-x86_64 | 0.2.1 | 1.74 | 20.05 | 21.79 | OK | |
| r-release-macos-arm64 | 0.2.1 | 1.00 | 14.00 | 15.00 | OK | |
| r-release-macos-x86_64 | 0.2.1 | 2.00 | 21.00 | 23.00 | OK | |
| r-release-windows-x86_64 | 0.2.1 | 5.00 | 42.00 | 47.00 | OK | |
| r-oldrel-macos-arm64 | 0.2.1 | 1.00 | 12.00 | 13.00 | NOTE | |
| r-oldrel-macos-x86_64 | 0.2.1 | 1.00 | 24.00 | 25.00 | OK | |
| r-oldrel-windows-x86_64 | 0.2.1 | 4.00 | 46.00 | 50.00 | OK |
Version: 0.2.1
Check: package dependencies
Result: NOTE
Package suggested but not available for checking: ‘ccdata’
Flavor: r-oldrel-macos-arm64