CRAN Package Check Results for Package rfisheries

Last updated on 2025-10-22 09:50:49 CEST.

Flavor Version Tinstall Tcheck Ttotal Status Flags
r-devel-linux-x86_64-debian-clang 0.2 5.78 54.33 60.11 NOTE
r-devel-linux-x86_64-debian-gcc 0.2 4.50 39.18 43.68 NOTE
r-devel-linux-x86_64-fedora-clang 0.2 12.00 75.74 87.74 OK
r-devel-linux-x86_64-fedora-gcc 0.2 20.00 66.71 86.71 OK
r-devel-windows-x86_64 0.2 8.00 64.00 72.00 OK
r-patched-linux-x86_64 0.2 5.71 48.46 54.17 OK
r-release-linux-x86_64 0.2 5.60 47.55 53.15 OK
r-release-macos-arm64 0.2 3.00 21.00 24.00 OK
r-release-macos-x86_64 0.2 4.00 36.00 40.00 OK
r-release-windows-x86_64 0.2 8.00 65.00 73.00 OK
r-oldrel-macos-arm64 0.2 3.00 21.00 24.00 OK
r-oldrel-macos-x86_64 0.2 4.00 30.00 34.00 OK
r-oldrel-windows-x86_64 0.2 10.00 76.00 86.00 OK

Check Details

Version: 0.2
Check: CRAN incoming feasibility
Result: NOTE Maintainer: ‘Karthik Ram <karthik.ram@gmail.com>’ The Description field contains of the 'rOpenSci' suite (http://ropensci.org). Please enclose URLs in angle brackets (<...>). The BugReports field in DESCRIPTION has http://www.github.com/ropensci/rfisheries/issues/new which should likely be http://www.github.com/ropensci/rfisheries/issues/new/issues instead. Flavors: r-devel-linux-x86_64-debian-clang, r-devel-linux-x86_64-debian-gcc