Last updated on 2025-10-22 09:50:49 CEST.
Flavor | Version | Tinstall | Tcheck | Ttotal | Status | Flags |
---|---|---|---|---|---|---|
r-devel-linux-x86_64-debian-clang | 0.16.3 | 5.95 | 59.01 | 64.96 | NOTE | |
r-devel-linux-x86_64-debian-gcc | 0.16.3 | 3.97 | 43.84 | 47.81 | NOTE | |
r-devel-linux-x86_64-fedora-clang | 0.16.3 | 12.00 | 81.81 | 93.81 | OK | |
r-devel-linux-x86_64-fedora-gcc | 0.16.3 | 30.00 | 81.49 | 111.49 | OK | |
r-devel-windows-x86_64 | 0.16.3 | 8.00 | 73.00 | 81.00 | OK | |
r-patched-linux-x86_64 | 0.16.3 | 5.74 | 54.55 | 60.29 | OK | |
r-release-linux-x86_64 | 0.16.3 | 5.71 | 55.13 | 60.84 | OK | |
r-release-macos-arm64 | 0.16.3 | 3.00 | 59.00 | 62.00 | OK | |
r-release-macos-x86_64 | 0.16.3 | 8.00 | 124.00 | 132.00 | OK | |
r-release-windows-x86_64 | 0.16.3 | 10.00 | 72.00 | 82.00 | OK | |
r-oldrel-macos-arm64 | 0.16.3 | 3.00 | 38.00 | 41.00 | OK | |
r-oldrel-macos-x86_64 | 0.16.3 | 8.00 | 87.00 | 95.00 | OK | |
r-oldrel-windows-x86_64 | 0.16.3 | 11.00 | 86.00 | 97.00 | OK |
Version: 0.16.3
Check: DESCRIPTION meta-information
Result: NOTE
Author field differs from that derived from Authors@R
Author: ‘George Vega Yon [aut, cre] (<https://orcid.org/0000-0002-3171-0844>), Jorge Fábrega Lacoa [ctb], Joshua Kunst [ctb], Raphaël Velt [cph] (gexf-js library), Gephi Consortium [cph] (GEXF language), Cornelius Fritz [rev] (JOSS reviewer), Jonathan Cardoso Silva [rev] (JOSS reviewer)’
Authors@R: ‘George Vega Yon [aut, cre] (ORCID: <https://orcid.org/0000-0002-3171-0844>), Jorge Fábrega Lacoa [ctb], Joshua Kunst [ctb], Raphaël Velt [cph] (gexf-js library), Gephi Consortium [cph] (GEXF language), Cornelius Fritz [rev] (what: JOSS reviewer), Jonathan Cardoso Silva [rev] (what: JOSS reviewer)’
Flavors: r-devel-linux-x86_64-debian-clang, r-devel-linux-x86_64-debian-gcc