CRAN Package Check Results for Package rhype

Last updated on 2025-07-04 09:50:01 CEST.

Flavor Version Tinstall Tcheck Ttotal Status Flags
r-devel-linux-x86_64-debian-clang 0.3.0 2.70 28.89 31.59 OK
r-devel-linux-x86_64-debian-gcc 0.3.0 2.30 22.30 24.60 OK
r-devel-linux-x86_64-fedora-clang 0.3.0 46.96 NOTE
r-devel-linux-x86_64-fedora-gcc 0.3.0 44.14 NOTE
r-devel-windows-x86_64 0.3.0 4.00 53.00 57.00 OK
r-patched-linux-x86_64 0.3.0 3.57 25.62 29.19 OK
r-release-linux-x86_64 0.3.0 2.95 25.71 28.66 OK
r-release-macos-arm64 0.3.0 21.00 OK
r-release-macos-x86_64 0.3.0 31.00 OK
r-release-windows-x86_64 0.3.0 4.00 54.00 58.00 OK
r-oldrel-macos-arm64 0.3.0 18.00 OK
r-oldrel-macos-x86_64 0.3.0 27.00 OK
r-oldrel-windows-x86_64 0.3.0 7.00 63.00 70.00 OK

Check Details

Version: 0.3.0
Check: dependencies in R code
Result: NOTE Namespace in Imports field not imported from: ‘R6’ All declared Imports should be used. Flavors: r-devel-linux-x86_64-fedora-clang, r-devel-linux-x86_64-fedora-gcc