Last updated on 2025-07-04 09:50:01 CEST.
Flavor | Version | Tinstall | Tcheck | Ttotal | Status | Flags |
---|---|---|---|---|---|---|
r-devel-linux-x86_64-debian-clang | 0.5.6 | 15.00 | 159.61 | 174.61 | NOTE | |
r-devel-linux-x86_64-debian-gcc | 0.5.6 | 8.98 | 108.85 | 117.83 | NOTE | |
r-devel-linux-x86_64-fedora-clang | 0.5.6 | 257.99 | OK | |||
r-devel-linux-x86_64-fedora-gcc | 0.5.6 | 263.81 | OK | |||
r-devel-windows-x86_64 | 0.5.6 | 17.00 | 256.00 | 273.00 | NOTE | |
r-patched-linux-x86_64 | 0.5.6 | 16.61 | 149.38 | 165.99 | NOTE | |
r-release-linux-x86_64 | 0.5.6 | 14.45 | 151.01 | 165.46 | NOTE | |
r-release-macos-arm64 | 0.5.6 | 76.00 | OK | |||
r-release-macos-x86_64 | 0.5.6 | 186.00 | OK | |||
r-release-windows-x86_64 | 0.5.6 | 18.00 | 173.00 | 191.00 | NOTE | |
r-oldrel-macos-arm64 | 0.5.6 | 74.00 | NOTE | |||
r-oldrel-macos-x86_64 | 0.5.6 | 118.00 | NOTE | |||
r-oldrel-windows-x86_64 | 0.5.6 | 22.00 | 206.00 | 228.00 | NOTE |
Version: 0.5.6
Check: Rd cross-references
Result: NOTE
Found the following Rd file(s) with Rd \link{} targets missing package
anchors:
ts_utils.Rd: data.table
Please provide package anchors for all Rd \link{} targets not in the
package itself and the base packages.
Flavors: r-devel-linux-x86_64-debian-clang, r-devel-linux-x86_64-debian-gcc, r-devel-windows-x86_64, r-patched-linux-x86_64, r-release-linux-x86_64, r-release-windows-x86_64
Version: 0.5.6
Check: package dependencies
Result: NOTE
Packages suggested but not available for checking:
'mimic.demo', 'eicu.demo'
Flavors: r-oldrel-macos-arm64, r-oldrel-macos-x86_64, r-oldrel-windows-x86_64