Last updated on 2025-10-22 09:50:49 CEST.
Flavor | Version | Tinstall | Tcheck | Ttotal | Status | Flags |
---|---|---|---|---|---|---|
r-devel-linux-x86_64-debian-clang | 0.10.0 | 2.67 | 22.57 | 25.24 | NOTE | |
r-devel-linux-x86_64-debian-gcc | 0.10.0 | 1.98 | 18.14 | 20.12 | NOTE | |
r-devel-linux-x86_64-fedora-clang | 0.10.0 | 36.52 | OK | |||
r-devel-linux-x86_64-fedora-gcc | 0.10.0 | 14.00 | 23.53 | 37.53 | OK | |
r-devel-windows-x86_64 | 0.10.0 | 6.00 | 43.00 | 49.00 | OK | |
r-patched-linux-x86_64 | 0.10.0 | 2.86 | 21.52 | 24.38 | OK | |
r-release-linux-x86_64 | 0.10.0 | 2.44 | 21.27 | 23.71 | OK | |
r-release-macos-arm64 | 0.10.0 | 4.00 | 36.00 | 40.00 | OK | |
r-release-macos-x86_64 | 0.10.0 | 10.00 | 47.00 | 57.00 | OK | |
r-release-windows-x86_64 | 0.10.0 | 8.00 | 46.00 | 54.00 | OK | |
r-oldrel-macos-arm64 | 0.10.0 | 4.00 | 34.00 | 38.00 | OK | |
r-oldrel-macos-x86_64 | 0.10.0 | 9.00 | 45.00 | 54.00 | OK | |
r-oldrel-windows-x86_64 | 0.10.0 | 7.00 | 50.00 | 57.00 | OK |
Version: 0.10.0
Check: HTML version of manual
Result: NOTE
Found the following HTML validation problems:
as.rle.html:52:1 (as.rle.Rd:16): Warning: missing </ul> before </div>
compress.html:50:1 (compress.Rd:12): Warning: missing </ul> before </div>
Flavors: r-devel-linux-x86_64-debian-clang, r-devel-linux-x86_64-debian-gcc