Last updated on 2025-07-04 09:50:01 CEST.
Flavor | Version | Tinstall | Tcheck | Ttotal | Status | Flags |
---|---|---|---|---|---|---|
r-devel-linux-x86_64-debian-clang | 2.2.0 | 136.76 | 583.69 | 720.45 | OK | |
r-devel-linux-x86_64-debian-gcc | 2.2.0 | 94.64 | 404.91 | 499.55 | OK | |
r-devel-linux-x86_64-fedora-clang | 2.2.0 | 1218.50 | OK | |||
r-devel-linux-x86_64-fedora-gcc | 2.2.0 | 1155.92 | OK | |||
r-devel-windows-x86_64 | 2.2.0 | 148.00 | 606.00 | 754.00 | OK | |
r-patched-linux-x86_64 | 2.2.0 | 134.12 | 541.39 | 675.51 | OK | |
r-release-linux-x86_64 | 2.2.0 | 125.75 | 541.70 | 667.45 | OK | |
r-release-macos-arm64 | 2.2.0 | 187.00 | OK | |||
r-release-macos-x86_64 | 2.2.0 | 390.00 | OK | |||
r-release-windows-x86_64 | 2.2.0 | 141.00 | 594.00 | 735.00 | OK | |
r-oldrel-macos-arm64 | 2.2.0 | 219.00 | NOTE | |||
r-oldrel-macos-x86_64 | 2.2.0 | 433.00 | NOTE | |||
r-oldrel-windows-x86_64 | 2.2.0 | 180.00 | 813.00 | 993.00 | OK |
Version: 2.2.0
Check: package dependencies
Result: NOTE
Package suggested but not available for checking: ‘reactome.db’
Flavor: r-oldrel-macos-arm64
Version: 2.2.0
Check: installed package size
Result: NOTE
installed size is 11.1Mb
sub-directories of 1Mb or more:
R 2.1Mb
libs 6.9Mb
Flavors: r-oldrel-macos-arm64, r-oldrel-macos-x86_64