Last updated on 2025-10-22 09:50:49 CEST.
Flavor | Version | Tinstall | Tcheck | Ttotal | Status | Flags |
---|---|---|---|---|---|---|
r-devel-linux-x86_64-debian-clang | 0.5.1 | 3.99 | 90.73 | 94.72 | NOTE | |
r-devel-linux-x86_64-debian-gcc | 0.5.1 | 2.63 | 57.45 | 60.08 | NOTE | |
r-devel-linux-x86_64-fedora-clang | 0.5.1 | 144.38 | OK | |||
r-devel-linux-x86_64-fedora-gcc | 0.5.1 | 20.00 | 145.32 | 165.32 | OK | |
r-devel-windows-x86_64 | 0.5.1 | 6.00 | 100.00 | 106.00 | OK | |
r-patched-linux-x86_64 | 0.5.1 | 4.01 | 83.88 | 87.89 | OK | |
r-release-linux-x86_64 | 0.5.1 | 3.57 | 83.85 | 87.42 | OK | |
r-release-macos-arm64 | 0.5.1 | 2.00 | 41.00 | 43.00 | OK | |
r-release-macos-x86_64 | 0.5.1 | 5.00 | 211.00 | 216.00 | OK | |
r-release-windows-x86_64 | 0.5.1 | 9.00 | 101.00 | 110.00 | OK | |
r-oldrel-macos-arm64 | 0.5.1 | 2.00 | 41.00 | 43.00 | OK | |
r-oldrel-macos-x86_64 | 0.5.1 | 5.00 | 169.00 | 174.00 | OK | |
r-oldrel-windows-x86_64 | 0.5.1 | 10.00 | 126.00 | 136.00 | OK |
Version: 0.5.1
Check: HTML version of manual
Result: NOTE
Found the following HTML validation problems:
as_sf.html:57:1 (as_sf.Rd:18): Warning: missing </ul> before </div>
mz_contours.html:52:1 (mz_contours.Rd:13): Warning: missing </ul> before </div>
mz_date_time.html:52:1 (mz_date_time.Rd:12): Warning: missing </ul> before </div>
mz_place.html:71:1 (mz_place.Rd:25): Warning: missing </ul> before </div>
Flavors: r-devel-linux-x86_64-debian-clang, r-devel-linux-x86_64-debian-gcc