CRAN Package Check Results for Package rmdfiltr

Last updated on 2025-10-22 09:50:49 CEST.

Flavor Version Tinstall Tcheck Ttotal Status Flags
r-devel-linux-x86_64-debian-clang 0.1.5 1.82 32.74 34.56 NOTE
r-devel-linux-x86_64-debian-gcc 0.1.5 1.42 27.41 28.83 NOTE
r-devel-linux-x86_64-fedora-clang 0.1.5 51.25 NOTE
r-devel-linux-x86_64-fedora-gcc 0.1.5 67.20 NOTE
r-devel-windows-x86_64 0.1.5 4.00 51.00 55.00 NOTE
r-patched-linux-x86_64 0.1.5 1.76 30.21 31.97 NOTE
r-release-linux-x86_64 0.1.5 1.81 30.24 32.05 NOTE
r-release-macos-arm64 0.1.5 1.00 28.00 29.00 NOTE
r-release-macos-x86_64 0.1.5 2.00 54.00 56.00 NOTE
r-release-windows-x86_64 0.1.5 3.00 54.00 57.00 NOTE
r-oldrel-macos-arm64 0.1.5 1.00 29.00 30.00 OK
r-oldrel-macos-x86_64 0.1.5 2.00 42.00 44.00 OK
r-oldrel-windows-x86_64 0.1.5 5.00 59.00 64.00 OK

Check Details

Version: 0.1.5
Check: DESCRIPTION meta-information
Result: NOTE Missing dependency on R >= 4.2.0 because package code uses the pipe placeholder syntax added in R 4.2.0. File(s) using such syntax: ‘replace_doi.R’ Flavors: r-devel-linux-x86_64-debian-clang, r-devel-linux-x86_64-debian-gcc, r-devel-linux-x86_64-fedora-clang, r-devel-linux-x86_64-fedora-gcc, r-devel-windows-x86_64, r-patched-linux-x86_64, r-release-linux-x86_64, r-release-macos-arm64, r-release-macos-x86_64, r-release-windows-x86_64