Last updated on 2025-10-22 09:50:49 CEST.
Flavor | Version | Tinstall | Tcheck | Ttotal | Status | Flags |
---|---|---|---|---|---|---|
r-devel-linux-x86_64-debian-clang | 0.1.8 | 109.94 | 125.57 | 235.51 | OK | |
r-devel-linux-x86_64-debian-gcc | 0.1.8 | 91.96 | 99.05 | 191.01 | OK | |
r-devel-linux-x86_64-fedora-clang | 0.1.8 | 187.00 | 192.82 | 379.82 | OK | |
r-devel-linux-x86_64-fedora-gcc | 0.1.8 | 456.00 | 22.75 | 478.75 | OK | |
r-devel-windows-x86_64 | 0.1.8 | 131.00 | 146.00 | 277.00 | OK | |
r-patched-linux-x86_64 | 0.1.8 | 134.65 | 119.16 | 253.81 | OK | |
r-release-linux-x86_64 | 0.1.8 | 131.25 | 118.70 | 249.95 | OK | |
r-release-macos-arm64 | 0.1.8 | 50.00 | 64.00 | 114.00 | OK | |
r-release-macos-x86_64 | 0.1.8 | 66.00 | 186.00 | 252.00 | OK | |
r-release-windows-x86_64 | 0.1.8 | 134.00 | 148.00 | 282.00 | OK | |
r-oldrel-macos-arm64 | 0.1.8 | 51.00 | 113.00 | 164.00 | NOTE | |
r-oldrel-macos-x86_64 | 0.1.8 | 56.00 | 169.00 | 225.00 | NOTE | |
r-oldrel-windows-x86_64 | 0.1.8 | 155.00 | 175.00 | 330.00 | OK |
Version: 0.1.8
Check: installed package size
Result: NOTE
installed size is 13.8Mb
sub-directories of 1Mb or more:
libs 12.7Mb
Flavors: r-oldrel-macos-arm64, r-oldrel-macos-x86_64