Last updated on 2025-10-22 09:50:49 CEST.
Flavor | Version | Tinstall | Tcheck | Ttotal | Status | Flags |
---|---|---|---|---|---|---|
r-devel-linux-x86_64-debian-clang | 1.2 | 16.39 | 125.37 | 141.76 | NOTE | |
r-devel-linux-x86_64-debian-gcc | 1.2 | 10.67 | 87.43 | 98.10 | NOTE | |
r-devel-linux-x86_64-fedora-clang | 1.3 | 69.00 | 182.60 | 251.60 | OK | |
r-devel-linux-x86_64-fedora-gcc | 1.3 | 89.00 | 160.17 | 249.17 | OK | |
r-devel-windows-x86_64 | 1.2 | 16.00 | 125.00 | 141.00 | OK | |
r-patched-linux-x86_64 | 1.2 | 13.96 | 118.64 | 132.60 | OK | |
r-release-linux-x86_64 | 1.2 | 13.95 | 119.75 | 133.70 | OK | |
r-release-macos-arm64 | 1.3 | 7.00 | 53.00 | 60.00 | OK | |
r-release-macos-x86_64 | 1.3 | 27.00 | 159.00 | 186.00 | OK | |
r-release-windows-x86_64 | 1.2 | 15.00 | 124.00 | 139.00 | OK | |
r-oldrel-macos-arm64 | 1.3 | 8.00 | 60.00 | 68.00 | OK | |
r-oldrel-macos-x86_64 | 1.3 | 20.00 | 135.00 | 155.00 | OK | |
r-oldrel-windows-x86_64 | 1.2 | 21.00 | 161.00 | 182.00 | OK |
Version: 1.2
Check: CRAN incoming feasibility
Result: NOTE
Maintainer: ‘Ufuk Beyaztas <ufukbeyaztas@gmail.com>’
The Description field contains
<arXiv:2111.01238> and Beyaztas, U., and Shang, H. L. (2022)
<arXiv:2203.05065>.
Please refer to arXiv e-prints via their arXiv DOI <doi:10.48550/arXiv.YYMM.NNNNN>.
Flavors: r-devel-linux-x86_64-debian-clang, r-devel-linux-x86_64-debian-gcc