Last updated on 2025-07-04 09:50:02 CEST.
Flavor | Version | Tinstall | Tcheck | Ttotal | Status | Flags |
---|---|---|---|---|---|---|
r-devel-linux-x86_64-debian-clang | 1.3 | 129.86 | 25.11 | 154.97 | OK | |
r-devel-linux-x86_64-debian-gcc | 1.3 | 86.62 | 19.52 | 106.14 | OK | |
r-devel-linux-x86_64-fedora-clang | 1.3 | 307.39 | OK | |||
r-devel-linux-x86_64-fedora-gcc | 1.3 | 263.60 | OK | |||
r-devel-windows-x86_64 | 1.3 | 139.00 | 74.00 | 213.00 | OK | |
r-patched-linux-x86_64 | 1.3 | 132.21 | 23.31 | 155.52 | OK | |
r-release-linux-x86_64 | 1.3 | 127.34 | 23.26 | 150.60 | OK | |
r-release-macos-arm64 | 1.3 | 57.00 | OK | |||
r-release-macos-x86_64 | 1.3 | 62.00 | OK | |||
r-release-windows-x86_64 | 1.3 | 144.00 | 73.00 | 217.00 | OK | |
r-oldrel-macos-arm64 | 1.3 | 64.00 | NOTE | |||
r-oldrel-macos-x86_64 | 1.3 | 68.00 | NOTE | |||
r-oldrel-windows-x86_64 | 1.3 | 168.00 | 82.00 | 250.00 | OK |
Version: 1.3
Check: installed package size
Result: NOTE
installed size is 7.1Mb
sub-directories of 1Mb or more:
libs 6.9Mb
Flavors: r-oldrel-macos-arm64, r-oldrel-macos-x86_64