Last updated on 2025-10-22 09:50:50 CEST.
Flavor | Version | Tinstall | Tcheck | Ttotal | Status | Flags |
---|---|---|---|---|---|---|
r-devel-linux-x86_64-debian-clang | 0.1-11 | 32.64 | 53.25 | 85.89 | NOTE | |
r-devel-linux-x86_64-debian-gcc | 0.1-11 | 20.35 | 41.10 | 61.45 | NOTE | |
r-devel-linux-x86_64-fedora-clang | 0.1-11 | 55.00 | 94.93 | 149.93 | OK | |
r-devel-linux-x86_64-fedora-gcc | 0.1-11 | 118.00 | 22.87 | 140.87 | OK | |
r-devel-windows-x86_64 | 0.1-11 | 38.00 | 85.00 | 123.00 | OK | |
r-patched-linux-x86_64 | 0.1-11 | 32.12 | 51.12 | 83.24 | OK | |
r-release-linux-x86_64 | 0.1-11 | 32.31 | 51.24 | 83.55 | OK | |
r-release-macos-arm64 | 0.1-11 | 13.00 | 31.00 | 44.00 | OK | |
r-release-macos-x86_64 | 0.1-11 | 17.00 | 47.00 | 64.00 | OK | |
r-release-windows-x86_64 | 0.1-11 | 40.00 | 88.00 | 128.00 | OK | |
r-oldrel-macos-arm64 | 0.1-11 | 15.00 | 27.00 | 42.00 | OK | |
r-oldrel-macos-x86_64 | 0.1-11 | 15.00 | 49.00 | 64.00 | OK | |
r-oldrel-windows-x86_64 | 0.1-11 | 46.00 | 105.00 | 151.00 | OK |
Version: 0.1-11
Check: CRAN incoming feasibility
Result: NOTE
Maintainer: ‘Ian M. Johnson <ijca2013@gmail.com>’
No Authors@R field in DESCRIPTION.
Please add one, modifying
Authors@R: person(given = c("Ian", "M."),
family = "Johnson",
role = c("aut", "cre"),
email = "ijca2013@gmail.com")
as necessary.
Flavors: r-devel-linux-x86_64-debian-clang, r-devel-linux-x86_64-debian-gcc