Last updated on 2025-10-22 09:50:50 CEST.
Flavor | Version | Tinstall | Tcheck | Ttotal | Status | Flags |
---|---|---|---|---|---|---|
r-devel-linux-x86_64-debian-clang | 0.5.1 | 56.13 | 49.44 | 105.57 | NOTE | |
r-devel-linux-x86_64-debian-gcc | 0.5.1 | 42.17 | 35.19 | 77.36 | NOTE | |
r-devel-linux-x86_64-fedora-clang | 0.5.1 | 68.00 | 112.16 | 180.16 | OK | |
r-devel-linux-x86_64-fedora-gcc | 0.5.1 | 124.00 | 61.06 | 185.06 | OK | |
r-devel-windows-x86_64 | 0.5.1 | 69.00 | 87.00 | 156.00 | OK | |
r-patched-linux-x86_64 | 0.5.1 | 63.69 | 47.37 | 111.06 | OK | |
r-release-linux-x86_64 | 0.5.1 | 55.86 | 46.47 | 102.33 | OK | |
r-release-macos-arm64 | 0.5.1 | 24.00 | 29.00 | 53.00 | OK | |
r-release-macos-x86_64 | 0.5.1 | 36.00 | 49.00 | 85.00 | OK | |
r-release-windows-x86_64 | 0.5.1 | 70.00 | 91.00 | 161.00 | OK | |
r-oldrel-macos-arm64 | 0.5.1 | 23.00 | 26.00 | 49.00 | NOTE | |
r-oldrel-macos-x86_64 | 0.5.1 | 22.00 | 45.00 | 67.00 | NOTE | |
r-oldrel-windows-x86_64 | 0.5.1 | 83.00 | 107.00 | 190.00 | NOTE |
Version: 0.5.1
Check: HTML version of manual
Result: NOTE
Found the following HTML validation problems:
print.rpms.html:51:1 (print.rpms.Rd:12): Warning: missing </ul> before </div>
print.rpms_zinf.html:51:1 (print.rpms_zinf.Rd:12): Warning: missing </ul> before </div>
Flavors: r-devel-linux-x86_64-debian-clang, r-devel-linux-x86_64-debian-gcc
Version: 0.5.1
Check: installed package size
Result: NOTE
installed size is 9.9Mb
sub-directories of 1Mb or more:
data 2.3Mb
libs 6.0Mb
Flavors: r-oldrel-macos-arm64, r-oldrel-macos-x86_64, r-oldrel-windows-x86_64