Last updated on 2025-10-22 09:50:50 CEST.
Flavor | Version | Tinstall | Tcheck | Ttotal | Status | Flags |
---|---|---|---|---|---|---|
r-devel-linux-x86_64-debian-clang | 1.2.9 | 6.75 | 252.19 | 258.94 | NOTE | |
r-devel-linux-x86_64-debian-gcc | 1.2.9 | 4.67 | 168.73 | 173.40 | NOTE | |
r-devel-linux-x86_64-fedora-clang | 1.2.9 | 14.00 | 385.25 | 399.25 | OK | |
r-devel-linux-x86_64-fedora-gcc | 1.2.9 | 17.00 | 407.81 | 424.81 | OK | |
r-devel-windows-x86_64 | 1.2.9 | 8.00 | 253.00 | 261.00 | OK | |
r-patched-linux-x86_64 | 1.2.9 | 7.15 | 245.83 | 252.98 | OK | |
r-release-linux-x86_64 | 1.2.9 | 6.35 | 240.08 | 246.43 | OK | |
r-release-macos-arm64 | 1.2.9 | 3.00 | 97.00 | 100.00 | OK | |
r-release-macos-x86_64 | 1.2.9 | 5.00 | 249.00 | 254.00 | OK | |
r-release-windows-x86_64 | 1.2.9 | 8.00 | 254.00 | 262.00 | OK | |
r-oldrel-macos-arm64 | 1.2.9 | 3.00 | 99.00 | 102.00 | OK | |
r-oldrel-macos-x86_64 | 1.2.9 | 5.00 | 185.00 | 190.00 | OK | |
r-oldrel-windows-x86_64 | 1.2.9 | 10.00 | 341.00 | 351.00 | OK |
Version: 1.2.9
Check: HTML version of manual
Result: NOTE
Found the following HTML validation problems:
print.rpsftm.coxph.html:55:1 (print.rpsftm.coxph.Rd:14): Warning: missing </ul> before </div>
print.rpsftm.summary.coxph.html:64:1 (print.rpsftm.summary.coxph.Rd:21): Warning: missing </ul> before </div>
print.rpsftm.summary.survreg.html:55:1 (print.rpsftm.summary.survreg.Rd:14): Warning: missing </ul> before </div>
print.rpsftm.survreg.html:51:1 (print.rpsftm.survreg.Rd:12): Warning: missing </ul> before </div>
Flavors: r-devel-linux-x86_64-debian-clang, r-devel-linux-x86_64-debian-gcc