Last updated on 2025-10-22 09:50:50 CEST.
Flavor | Version | Tinstall | Tcheck | Ttotal | Status | Flags |
---|---|---|---|---|---|---|
r-devel-linux-x86_64-debian-clang | 0.13.0 | 7.76 | 207.80 | 215.56 | NOTE | |
r-devel-linux-x86_64-debian-gcc | 0.13.0 | 5.96 | 142.24 | 148.20 | NOTE | |
r-devel-linux-x86_64-fedora-clang | 0.13.0 | 16.00 | 316.77 | 332.77 | OK | |
r-devel-linux-x86_64-fedora-gcc | 0.13.0 | 23.00 | 314.49 | 337.49 | OK | |
r-devel-windows-x86_64 | 0.13.0 | 14.00 | 206.00 | 220.00 | OK | |
r-patched-linux-x86_64 | 0.13.0 | 8.19 | 196.29 | 204.48 | OK | |
r-release-linux-x86_64 | 0.13.0 | 8.12 | 197.38 | 205.50 | OK | |
r-release-macos-arm64 | 0.13.0 | 4.00 | 83.00 | 87.00 | OK | |
r-release-macos-x86_64 | 0.13.0 | 7.00 | 174.00 | 181.00 | OK | |
r-release-windows-x86_64 | 0.13.0 | 16.00 | 204.00 | 220.00 | OK | |
r-oldrel-macos-arm64 | 0.13.0 | 4.00 | 81.00 | 85.00 | OK | |
r-oldrel-macos-x86_64 | 0.13.0 | 6.00 | 137.00 | 143.00 | OK | |
r-oldrel-windows-x86_64 | 0.13.0 | 20.00 | 259.00 | 279.00 | OK |
Version: 0.13.0
Check: HTML version of manual
Result: NOTE
Found the following HTML validation problems:
is.multisimsum.html:46:1 (is.multisimsum.Rd:10): Warning: missing </ul> before </div>
is.simsum.html:46:1 (is.simsum.Rd:10): Warning: missing </ul> before </div>
is.summary.multisimsum.html:46:1 (is.summary.multisimsum.Rd:10): Warning: missing </ul> before </div>
is.summary.simsum.html:46:1 (is.summary.simsum.Rd:10): Warning: missing </ul> before </div>
Flavors: r-devel-linux-x86_64-debian-clang, r-devel-linux-x86_64-debian-gcc