Last updated on 2025-10-22 09:50:50 CEST.
Flavor | Version | Tinstall | Tcheck | Ttotal | Status | Flags |
---|---|---|---|---|---|---|
r-devel-linux-x86_64-debian-clang | 2.32.2 | 1809.32 | 505.76 | 2315.08 | NOTE | |
r-devel-linux-x86_64-debian-gcc | 2.32.2 | 1312.34 | 461.62 | 1773.96 | NOTE | |
r-devel-linux-x86_64-fedora-clang | 2.32.2 | 3420.00 | -91.13 | 3328.87 | OK | |
r-devel-linux-x86_64-fedora-gcc | 2.32.2 | 2640.00 | 1016.57 | 3656.57 | OK | |
r-devel-windows-x86_64 | 2.32.2 | 1417.00 | 316.00 | 1733.00 | OK | --no-examples --no-tests --no-vignettes |
r-patched-linux-x86_64 | 2.32.2 | 1883.00 | 643.99 | 2526.99 | OK | |
r-release-linux-x86_64 | 2.32.2 | 1874.43 | 645.12 | 2519.55 | OK | |
r-release-macos-arm64 | 2.32.2 | 660.00 | 125.00 | 785.00 | OK | |
r-release-macos-x86_64 | 2.32.2 | 528.00 | 271.00 | 799.00 | OK | |
r-release-windows-x86_64 | 2.32.2 | 1436.00 | 341.00 | 1777.00 | OK | --no-examples --no-tests --no-vignettes |
r-oldrel-macos-arm64 | 2.32.2 | 720.00 | 114.00 | 834.00 | NOTE | |
r-oldrel-macos-x86_64 | 2.32.2 | 780.00 | 211.00 | 991.00 | NOTE | |
r-oldrel-windows-x86_64 | 2.32.2 | 1907.00 | 336.00 | 2243.00 | NOTE | --no-examples --no-tests --no-vignettes |
Version: 2.32.2
Check: HTML version of manual
Result: NOTE
Found the following HTML validation problems:
family.stanmvreg.html:51:1 (family.stanmvreg.Rd:12): Warning: missing </ul> before </div>
family.stanreg.html:47:1 (family.stanreg.Rd:10): Warning: missing </ul> before </div>
formula.stanreg.html:52:1 (formula.stanreg.Rd:13): Warning: missing </ul> before </div>
model.frame.stanmvreg.html:55:1 (model.frame.stanmvreg.Rd:14): Warning: missing </ul> before </div>
model.frame.stanreg.html:51:1 (model.frame.stanreg.Rd:12): Warning: missing </ul> before </div>
model.matrix.stanreg.html:47:1 (model.matrix.stanreg.Rd:10): Warning: missing </ul> before </div>
print.survfit.stanjm.html:57:1 (print.survfit.stanjm.Rd:16): Warning: missing </ul> before </div>
rstanarm-deprecated.html:79:1 (rstanarm-deprecated.Rd:37): Warning: missing </ul> before </div>
terms.stanmvreg.html:51:1 (terms.stanmvreg.Rd:12): Warning: missing </ul> before </div>
terms.stanreg.html:47:1 (terms.stanreg.Rd:10): Warning: missing </ul> before </div>
Flavors: r-devel-linux-x86_64-debian-clang, r-devel-linux-x86_64-debian-gcc
Version: 2.32.2
Check: installed package size
Result: NOTE
installed size is 312.4Mb
sub-directories of 1Mb or more:
R 2.1Mb
doc 4.8Mb
libs 304.5Mb
Flavors: r-oldrel-macos-arm64, r-oldrel-macos-x86_64
Version: 2.32.2
Check: for GNU extensions in Makefiles
Result: NOTE
GNU make is a SystemRequirements.
Flavors: r-oldrel-macos-arm64, r-oldrel-macos-x86_64
Version: 2.32.2
Flags: --no-examples --no-tests --no-vignettes
Check: installed package size
Result: NOTE
installed size is 20.9Mb
sub-directories of 1Mb or more:
R 1.8Mb
doc 4.8Mb
libs 13.2Mb
Flavor: r-oldrel-windows-x86_64
Version: 2.32.2
Flags: --no-examples --no-tests --no-vignettes
Check: for GNU extensions in Makefiles
Result: NOTE
GNU make is a SystemRequirements.
Flavor: r-oldrel-windows-x86_64