CRAN Package Check Results for Package rstream

Last updated on 2025-10-22 09:50:50 CEST.

Flavor Version Tinstall Tcheck Ttotal Status Flags
r-devel-linux-x86_64-debian-clang 1.3.7 5.35 32.41 37.76 NOTE
r-devel-linux-x86_64-debian-gcc 1.3.7 3.65 26.08 29.73 NOTE
r-devel-linux-x86_64-fedora-clang 1.3.7 10.00 45.20 55.20 OK
r-devel-linux-x86_64-fedora-gcc 1.3.7 12.00 41.29 53.29 OK
r-devel-windows-x86_64 1.3.7 8.00 56.00 64.00 OK
r-patched-linux-x86_64 1.3.7 5.57 31.18 36.75 OK
r-release-linux-x86_64 1.3.7 4.68 30.92 35.60 OK
r-release-macos-arm64 1.3.7 3.00 21.00 24.00 OK
r-release-macos-x86_64 1.3.7 6.00 35.00 41.00 OK
r-release-windows-x86_64 1.3.7 8.00 61.00 69.00 OK
r-oldrel-macos-arm64 1.3.7 3.00 18.00 21.00 OK
r-oldrel-macos-x86_64 1.3.7 4.00 27.00 31.00 OK
r-oldrel-windows-x86_64 1.3.7 8.00 55.00 63.00 OK

Check Details

Version: 1.3.7
Check: CRAN incoming feasibility
Result: NOTE Maintainer: ‘Josef Leydold <josef.leydold@wu.ac.at>’ No Authors@R field in DESCRIPTION. Please add one, modifying Authors@R: person(given = "Josef", family = "Leydold", role = c("aut", "cre"), email = "josef.leydold@wu.ac.at") as necessary. Flavors: r-devel-linux-x86_64-debian-clang, r-devel-linux-x86_64-debian-gcc