CRAN Package Check Results for Package rtematres

Last updated on 2025-07-04 09:50:03 CEST.

Flavor Version Tinstall Tcheck Ttotal Status Flags
r-devel-linux-x86_64-debian-clang 0.2 3.56 34.56 38.12 NOTE
r-devel-linux-x86_64-debian-gcc 0.2 3.12 26.75 29.87 NOTE
r-devel-linux-x86_64-fedora-clang 0.2 59.03 OK
r-devel-linux-x86_64-fedora-gcc 0.2 60.19 OK
r-devel-windows-x86_64 0.2 4.00 52.00 56.00 OK
r-patched-linux-x86_64 0.2 3.69 33.08 36.77 OK
r-release-linux-x86_64 0.2 3.87 33.41 37.28 OK
r-release-macos-arm64 0.2 23.00 OK
r-release-macos-x86_64 0.2 38.00 OK
r-release-windows-x86_64 0.2 4.00 54.00 58.00 OK
r-oldrel-macos-arm64 0.2 21.00 OK
r-oldrel-macos-x86_64 0.2 33.00 OK
r-oldrel-windows-x86_64 0.2 6.00 61.00 67.00 OK

Check Details

Version: 0.2
Check: CRAN incoming feasibility
Result: NOTE Maintainer: ‘Claas-Thido Pfaff <claas-thido.pfaff@idiv-biodiversity.de>’ No Authors@R field in DESCRIPTION. Please add one, modifying Authors@R: person(given = "Claas-Thido", family = "Pfaff", role = c("aut", "cre"), email = "claas-thido.pfaff@idiv-biodiversity.de") as necessary. Flavors: r-devel-linux-x86_64-debian-clang, r-devel-linux-x86_64-debian-gcc