Last updated on 2025-10-22 09:50:50 CEST.
Flavor | Version | Tinstall | Tcheck | Ttotal | Status | Flags |
---|---|---|---|---|---|---|
r-devel-linux-x86_64-debian-clang | 2.3.0 | 7.65 | 145.36 | 153.01 | NOTE | |
r-devel-linux-x86_64-debian-gcc | 2.3.0 | 5.15 | 111.66 | 116.81 | NOTE | |
r-devel-linux-x86_64-fedora-clang | 2.3.0 | 14.00 | 212.04 | 226.04 | OK | |
r-devel-linux-x86_64-fedora-gcc | 2.3.0 | 21.00 | 215.67 | 236.67 | OK | |
r-devel-windows-x86_64 | 2.3.0 | 8.00 | 151.00 | 159.00 | OK | |
r-patched-linux-x86_64 | 2.3.0 | 9.86 | 155.54 | 165.40 | OK | |
r-release-linux-x86_64 | 2.3.0 | 7.83 | 156.41 | 164.24 | OK | |
r-release-macos-arm64 | 2.3.0 | 4.00 | 94.00 | 98.00 | OK | |
r-release-macos-x86_64 | 2.3.0 | 9.00 | 188.00 | 197.00 | OK | |
r-release-windows-x86_64 | 2.3.0 | 9.00 | 156.00 | 165.00 | OK | |
r-oldrel-macos-arm64 | 2.3.0 | 4.00 | 123.00 | 127.00 | OK | |
r-oldrel-macos-x86_64 | 2.3.0 | 10.00 | 235.00 | 245.00 | OK | |
r-oldrel-windows-x86_64 | 2.3.0 | 8.00 | 203.00 | 211.00 | OK |
Version: 2.3.0
Check: HTML version of manual
Result: NOTE
Found the following HTML validation problems:
print.count.summary.html:51:1 (print.count.summary.Rd:12): Warning: missing </ul> before </div>
print.trim.html:51:1 (print.trim.Rd:12): Warning: missing </ul> before </div>
print.trim.gof.html:47:1 (print.trim.gof.Rd:10): Warning: missing </ul> before </div>
print.trim.overall.html:47:1 (print.trim.overall.Rd:10): Warning: missing </ul> before </div>
print.trim.wald.html:47:1 (print.trim.wald.Rd:10): Warning: missing </ul> before </div>
print.trimcommand.html:51:1 (print.trimcommand.Rd:12): Warning: missing </ul> before </div>
summary.trimbatch.html:51:1 (summary.trimbatch.Rd:12): Warning: missing </ul> before </div>
Flavors: r-devel-linux-x86_64-debian-clang, r-devel-linux-x86_64-debian-gcc