Last updated on 2025-10-22 09:50:51 CEST.
Flavor | Version | Tinstall | Tcheck | Ttotal | Status | Flags |
---|---|---|---|---|---|---|
r-devel-linux-x86_64-debian-clang | 0.3.4 | 53.38 | 200.17 | 253.55 | NOTE | |
r-devel-linux-x86_64-debian-gcc | 0.3.4 | 41.31 | 145.45 | 186.76 | NOTE | |
r-devel-linux-x86_64-fedora-clang | 0.3.4 | 86.00 | 341.31 | 427.31 | OK | |
r-devel-linux-x86_64-fedora-gcc | 0.3.4 | 90.00 | 340.35 | 430.35 | OK | |
r-devel-windows-x86_64 | 0.3.4 | 70.00 | 229.00 | 299.00 | OK | |
r-patched-linux-x86_64 | 0.3.4 | 56.21 | 188.80 | 245.01 | OK | |
r-release-linux-x86_64 | 0.3.4 | 59.35 | 187.72 | 247.07 | OK | |
r-release-macos-arm64 | 0.3.4 | 22.00 | 100.00 | 122.00 | OK | |
r-release-macos-x86_64 | 0.3.4 | 30.00 | 429.00 | 459.00 | OK | |
r-release-windows-x86_64 | 0.3.4 | 74.00 | 227.00 | 301.00 | OK | |
r-oldrel-macos-arm64 | 0.3.4 | 12.00 | 61.00 | 73.00 | NOTE | |
r-oldrel-macos-x86_64 | 0.3.4 | 11.00 | 132.00 | 143.00 | NOTE | |
r-oldrel-windows-x86_64 | 0.3.4 | 82.00 | 278.00 | 360.00 | NOTE |
Version: 0.3.4
Check: HTML version of manual
Result: NOTE
Found the following HTML validation problems:
check_known_collections.html:53:1 (check_known_collections.Rd:12): Warning: missing </ul> before </div>
get_ploidy_from_frame.html:46:1 (get_ploidy_from_frame.Rd:10): Warning: missing </ul> before </div>
modify_scaled_likelihoods_for_known_mixture_fish.html:55:1 (modify_scaled_likelihoods_for_known_mixture_fish.Rd:16): Warning: missing </ul> before </div>
read_gsi_sim.html:57:1 (read_gsi_sim.Rd:16): Warning: missing </ul> before </div>
tidy_mcmc_coll_rep_stuff.html:59:1 (tidy_mcmc_coll_rep_stuff.Rd:16): Warning: missing </ul> before </div>
tidy_mcmc_pofz.html:59:1 (tidy_mcmc_pofz.Rd:16): Warning: missing </ul> before </div>
tidy_pi_traces.html:59:1 (tidy_pi_traces.Rd:16): Warning: missing </ul> before </div>
Flavors: r-devel-linux-x86_64-debian-clang, r-devel-linux-x86_64-debian-gcc
Version: 0.3.4
Check: for GNU extensions in Makefiles
Result: NOTE
GNU make is a SystemRequirements.
Flavors: r-oldrel-macos-arm64, r-oldrel-macos-x86_64, r-oldrel-windows-x86_64