Last updated on 2025-10-22 09:50:51 CEST.
Flavor | Version | Tinstall | Tcheck | Ttotal | Status | Flags |
---|---|---|---|---|---|---|
r-devel-linux-x86_64-debian-clang | 0.7.3.1.0 | 125.73 | 78.00 | 203.73 | OK | |
r-devel-linux-x86_64-debian-gcc | 0.7.3.1.0 | 99.99 | 63.02 | 163.01 | OK | |
r-devel-linux-x86_64-fedora-clang | 0.7.3.1.0 | 222.00 | 90.69 | 312.69 | OK | |
r-devel-linux-x86_64-fedora-gcc | 0.7.3.1.0 | 347.00 | 53.22 | 400.22 | OK | |
r-devel-windows-x86_64 | 0.7.3.1.0 | 135.00 | 143.00 | 278.00 | OK | |
r-patched-linux-x86_64 | 0.7.3.1.0 | 146.60 | 83.71 | 230.31 | OK | |
r-release-linux-x86_64 | 0.7.3.1.0 | 143.84 | 84.27 | 228.11 | OK | |
r-release-macos-arm64 | 0.7.3.1.0 | 63.00 | 36.00 | 99.00 | OK | |
r-release-macos-x86_64 | 0.7.3.1.0 | 126.00 | 72.00 | 198.00 | OK | |
r-release-windows-x86_64 | 0.7.3.1.0 | 134.00 | 147.00 | 281.00 | OK | |
r-oldrel-macos-arm64 | 0.7.3.1.0 | 52.00 | 39.00 | 91.00 | NOTE | |
r-oldrel-macos-x86_64 | 0.7.3.1.0 | 126.00 | 70.00 | 196.00 | NOTE | |
r-oldrel-windows-x86_64 | 0.7.3.1.0 | 161.00 | 167.00 | 328.00 | NOTE |
Version: 0.7.3.1.0
Check: installed package size
Result: NOTE
installed size is 65.4Mb
sub-directories of 1Mb or more:
include 5.1Mb
libs 59.9Mb
Flavors: r-oldrel-macos-arm64, r-oldrel-macos-x86_64, r-oldrel-windows-x86_64