CRAN Package Check Results for Package s3fs

Last updated on 2025-10-21 09:48:46 CEST.

Flavor Version Tinstall Tcheck Ttotal Status Flags
r-devel-linux-x86_64-debian-clang 0.1.7 8.32 57.23 65.55 OK
r-devel-linux-x86_64-debian-gcc 0.1.7 5.91 42.48 48.39 NOTE
r-devel-linux-x86_64-fedora-clang 0.1.7 91.96 OK
r-devel-linux-x86_64-fedora-gcc 0.1.7 90.21 OK
r-devel-windows-x86_64 0.1.7 9.00 73.00 82.00 OK
r-patched-linux-x86_64 0.1.7 8.64 51.08 59.72 OK
r-release-linux-x86_64 0.1.7 6.67 50.89 57.56 OK
r-release-macos-arm64 0.1.7 34.00 OK
r-release-macos-x86_64 0.1.7 57.00 OK
r-release-windows-x86_64 0.1.7 9.00 74.00 83.00 OK
r-oldrel-macos-arm64 0.1.7 30.00 OK
r-oldrel-macos-x86_64 0.1.7 59.00 OK
r-oldrel-windows-x86_64 0.1.7 12.00 98.00 110.00 OK

Check Details

Version: 0.1.7
Check: HTML version of manual
Result: NOTE Found the following HTML validation problems: S3FileSystem.html:292:1 (S3FileSystem.Rd:150): Warning: <h5> anchor "Usage" already defined S3FileSystem.html:302:1 (S3FileSystem.Rd:158): Warning: <h5> anchor "Arguments" already defined S3FileSystem.html:334:1 (S3FileSystem.Rd:176): Warning: <h5> anchor "Usage" already defined S3FileSystem.html:346:1 (S3FileSystem.Rd:186): Warning: <h5> anchor "Arguments" already defined S3FileSystem.html:368:1 (S3FileSystem.Rd:202): Warning: <h5> anchor "Returns" already defined S3FileSystem.html:386:1 (S3FileSystem.Rd:212): Warning: <h5> anchor "Usage" already defined S3FileSystem.html:392:1 (S3FileSystem.Rd:216): Warning: <h5> anchor "Arguments" already defined S3FileSystem.html:410:1 (S3FileSystem.Rd:228): Warning: <h5> anchor "Returns" already defined S3FileSystem.html:427:1 (S3FileSystem.Rd:237): Warning: <h5> anchor "Usage" already defined S3FileSystem.html:433:1 (S3FileSystem.Rd:241): Warning: <h5> anchor "Arguments" already defined S3FileSystem.html:448:1 (S3FileSystem.Rd:250): Warning: <h5> anchor "Returns" already defined S3FileSystem.html:465:1 (S3FileSystem.Rd:259): Warning: <h5> anchor "Usage" already defined S3FileSystem.html:471:1 (S3FileSystem.Rd:263): Warning: <h5> anchor "Arguments" already defined S3FileSystem.html:491:1 (S3FileSystem.Rd:277): Warning: <h5> anchor "Returns" already defined S3FileSystem.html:508:1 (S3FileSystem.Rd:286): Warning: <h5> anchor "Usage" already defined S3FileSystem.html:514:1 (S3FileSystem.Rd:290): Warning: <h5> anchor "Arguments" already defined S3FileSystem.html:527:1 (S3FileSystem.Rd:297): Warning: <h5> anchor "Returns" already defined S3FileSystem.html:544:1 (S3FileSystem.Rd:306): Warning: <h5> anchor "Usage" already defined S3FileSystem.html:550:1 (S3FileSystem.Rd:310): Warning: <h5> anchor "Arguments" already defined S3FileSystem.html:563:1 (S3FileSystem.Rd:317): Warning: <h5> anchor "Returns" already defined S3FileSystem.html:687:1 (S3FileSystem.Rd:364): Warning: <h5> anchor "Usage" already defined S3FileSystem.html:699:1 (S3FileSystem.Rd:374): Warning: <h5> anchor "Arguments" already defined S3FileSystem.html:721:1 (S3FileSystem.Rd:390): Warning: <h5> anchor "Returns" already defined S3FileSystem.html:738:1 (S3FileSystem.Rd:399): Warning: <h5> anchor "Usage" already defined S3FileSystem.html:744:1 (S3FileSystem.Rd:403): Warning: <h5> anchor "Arguments" already defined S3FileSystem.html:767:1 (S3FileSystem.Rd:416): Warning: <h5> anchor "Usage" already defined S3FileSystem.html:773:1 (S3FileSystem.Rd:420): Warning: <h5> anchor "Arguments" already defined S3FileSystem.html:788:1 (S3FileSystem.Rd:429): Warning: <h5> anchor "Returns" already defined S3FileSystem.html:805:1 (S3FileSystem.Rd:438): Warning: <h5> anchor "Usage" already defined S3FileSystem.html:817:1 (S3FileSystem.Rd:448): Warning: <h5> anchor "Arguments" already defined S3FileSystem.html:839:1 (S3FileSystem.Rd:464): Warning: <h5> anchor "Returns" already defined S3FileSystem.html:856:1 (S3FileSystem.Rd:473): Warning: <h5> anchor "Usage" already defined S3FileSystem.html:862:1 (S3FileSystem.Rd:477): Warning: <h5> anchor "Arguments" already defined S3FileSystem.html:879:1 (S3FileSystem.Rd:488): Warning: <h5> anchor "Returns" already defined S3FileSystem.html:896:1 (S3FileSystem.Rd:497): Warning: <h5> anchor "Usage" already defined S3FileSystem.html:902:1 (S3FileSystem.Rd:501): Warning: <h5> anchor "Arguments" already defined S3FileSystem.html:917:1 (S3FileSystem.Rd:510): Warning: <h5> anchor "Returns" already defined S3FileSystem.html:934:1 (S3FileSystem.Rd:519): Warning: <h5> anchor "Usage" already defined S3FileSystem.html:940:1 (S3FileSystem.Rd:523): Warning: <h5> anchor "Arguments" already defined S3FileSystem.html:953:1 (S3FileSystem.Rd:530): Warning: <h5> anchor "Returns" already defined S3FileSystem.html:994:1 (S3FileSystem.Rd:548): Warning: <h5> anchor "Usage" already defined S3FileSystem.html:1000:1 (S3FileSystem.Rd:552): Warning: <h5> anchor "Arguments" already defined S3FileSystem.html:1018:1 (S3FileSystem.Rd:564): Warning: <h5> anchor "Returns" already defined S3FileSystem.html:1036:1 (S3FileSystem.Rd:574): Warning: <h5> anchor "Usage" already defined S3FileSystem.html:1042:1 (S3FileSystem.Rd:578): Warning: <h5> anchor "Arguments" already defined S3FileSystem.html:1057:1 (S3FileSystem.Rd:587): Warning: <h5> anchor "Returns" already defined S3FileSystem.html:1074:1 (S3FileSystem.Rd:596): Warning: <h5> anchor "Usage" already defined S3FileSystem.html:1086:1 (S3FileSystem.Rd:606): Warning: <h5> anchor "Arguments" already defined S3FileSystem.html:1109:1 (S3FileSystem.Rd:623): Warning: <h5> anchor "Returns" already defined S3FileSystem.html:1126:1 (S3FileSystem.Rd:632): Warning: <h5> anchor "Usage" already defined S3FileSystem.html:1132:1 (S3FileSystem.Rd:636): Warning: <h5> anchor "Arguments" already defined S3FileSystem.html:1150:1 (S3FileSystem.Rd:648): Warning: <h5> anchor "Returns" already defined S3FileSystem.html:1167:1 (S3FileSystem.Rd:657): Warning: <h5> anchor "Usage" already defined S3FileSystem.html:1173:1 (S3FileSystem.Rd:661): Warning: <h5> anchor "Arguments" already defined S3FileSystem.html:1188:1 (S3FileSystem.Rd:670): Warning: <h5> anchor "Returns" already defined S3FileSystem.html:1232:1 (S3FileSystem.Rd:689): Warning: <h5> anchor "Usage" already defined S3FileSystem.html:1238:1 (S3FileSystem.Rd:693): Warning: <h5> anchor "Arguments" already defined S3FileSystem.html:1251:1 (S3FileSystem.Rd:700): Warning: <h5> anchor "Returns" already defined S3FileSystem.html:1268:1 (S3FileSystem.Rd:709): Warning: <h5> anchor "Usage" already defined S3FileSystem.html:1274:1 (S3FileSystem.Rd:713): Warning: <h5> anchor "Arguments" already defined S3FileSystem.html:1287:1 (S3FileSystem.Rd:720): Warning: <h5> anchor "Returns" already defined S3FileSystem.html:1304:1 (S3FileSystem.Rd:729): Warning: <h5> anchor "Usage" already defined S3FileSystem.html:1310:1 (S3FileSystem.Rd:733): Warning: <h5> anchor "Arguments" already defined S3FileSystem.html:1325:1 (S3FileSystem.Rd:742): Warning: <h5> anchor "Returns" already defined S3FileSystem.html:1342:1 (S3FileSystem.Rd:751): Warning: <h5> anchor "Usage" already defined S3FileSystem.html:1348:1 (S3FileSystem.Rd:755): Warning: <h5> anchor "Arguments" already defined S3FileSystem.html:1361:1 (S3FileSystem.Rd:762): Warning: <h5> anchor "Returns" already defined S3FileSystem.html:1378:1 (S3FileSystem.Rd:771): Warning: <h5> anchor "Usage" already defined S3FileSystem.html:1387:1 (S3FileSystem.Rd:778): Warning: <h5> anchor "Arguments" already defined S3FileSystem.html:1402:1 (S3FileSystem.Rd:787): Warning: <h5> anchor "Returns" already defined S3FileSystem.html:1419:1 (S3FileSystem.Rd:796): Warning: <h5> anchor "Usage" already defined S3FileSystem.html:1431:1 (S3FileSystem.Rd:806): Warning: <h5> anchor "Arguments" already defined S3FileSystem.html:1452:1 (S3FileSystem.Rd:821): Warning: <h5> anchor "Returns" already defined S3FileSystem.html:1469:1 (S3FileSystem.Rd:830): Warning: <h5> anchor "Usage" already defined S3FileSystem.html:1475:1 (S3FileSystem.Rd:834): Warning: <h5> anchor "Arguments" already defined S3FileSystem.html:1498:1 (S3FileSystem.Rd:847): Warning: <h5> anchor "Usage" already defined S3FileSystem.html:1510:1 (S3FileSystem.Rd:857): Warning: <h5> anchor "Arguments" already defined S3FileSystem.html:1533:1 (S3FileSystem.Rd:874): Warning: <h5> anchor "Returns" already defined S3FileSystem.html:1550:1 (S3FileSystem.Rd:883): Warning: <h5> anchor "Usage" already defined S3FileSystem.html:1556:1 (S3FileSystem.Rd:887): Warning: <h5> anchor "Arguments" already defined S3FileSystem.html:1574:1 (S3FileSystem.Rd:899): Warning: <h5> anchor "Returns" already defined S3FileSystem.html:1591:1 (S3FileSystem.Rd:908): Warning: <h5> anchor "Usage" already defined S3FileSystem.html:1597:1 (S3FileSystem.Rd:912): Warning: <h5> anchor "Arguments" already defined S3FileSystem.html:1610:1 (S3FileSystem.Rd:919): Warning: <h5> anchor "Returns" already defined S3FileSystem.html:1627:1 (S3FileSystem.Rd:928): Warning: <h5> anchor "Usage" already defined S3FileSystem.html:1633:1 (S3FileSystem.Rd:932): Warning: <h5> anchor "Arguments" already defined S3FileSystem.html:1646:1 (S3FileSystem.Rd:939): Warning: <h5> anchor "Returns" already defined S3FileSystem.html:1663:1 (S3FileSystem.Rd:948): Warning: <h5> anchor "Usage" already defined S3FileSystem.html:1669:1 (S3FileSystem.Rd:952): Warning: <h5> anchor "Arguments" already defined S3FileSystem.html:1690:1 (S3FileSystem.Rd:967): Warning: <h5> anchor "Returns" already defined S3FileSystem.html:1707:1 (S3FileSystem.Rd:976): Warning: <h5> anchor "Usage" already defined S3FileSystem.html:1722:1 (S3FileSystem.Rd:989): Warning: <h5> anchor "Arguments" already defined S3FileSystem.html:1753:1 (S3FileSystem.Rd:1014): Warning: <h5> anchor "Returns" already defined S3FileSystem.html:1794:1 (S3FileSystem.Rd:1032): Warning: <h5> anchor "Usage" already defined S3FileSystem.html:1809:1 (S3FileSystem.Rd:1045): Warning: <h5> anchor "Arguments" already defined S3FileSystem.html:1840:1 (S3FileSystem.Rd:1070): Warning: <h5> anchor "Returns" already defined S3FileSystem.html:1857:1 (S3FileSystem.Rd:1079): Warning: <h5> anchor "Usage" already defined S3FileSystem.html:1863:1 (S3FileSystem.Rd:1083): Warning: <h5> anchor "Arguments" already defined S3FileSystem.html:1883:1 (S3FileSystem.Rd:1097): Warning: <h5> anchor "Returns" already defined S3FileSystem.html:1900:1 (S3FileSystem.Rd:1106): Warning: <h5> anchor "Usage" already defined S3FileSystem.html:1906:1 (S3FileSystem.Rd:1110): Warning: <h5> anchor "Arguments" already defined S3FileSystem.html:1923:1 (S3FileSystem.Rd:1121): Warning: <h5> anchor "Returns" already defined S3FileSystem.html:1940:1 (S3FileSystem.Rd:1130): Warning: <h5> anchor "Usage" already defined S3FileSystem.html:1952:1 (S3FileSystem.Rd:1140): Warning: <h5> anchor "Arguments" already defined S3FileSystem.html:1975:1 (S3FileSystem.Rd:1157): Warning: <h5> anchor "Returns" already defined S3FileSystem.html:1992:1 (S3FileSystem.Rd:1166): Warning: <h5> anchor "Usage" already defined S3FileSystem.html:1998:1 (S3FileSystem.Rd:1170): Warning: <h5> anchor "Arguments" already defined S3FileSystem.html:2013:1 (S3FileSystem.Rd:1179): Warning: <h5> anchor "Returns" already defined S3FileSystem.html:2030:1 (S3FileSystem.Rd:1188): Warning: <h5> anchor "Usage" already defined S3FileSystem.html:2036:1 (S3FileSystem.Rd:1192): Warning: <h5> anchor "Arguments" already defined S3FileSystem.html:2049:1 (S3FileSystem.Rd:1199): Warning: <h5> anchor "Returns" already defined S3FileSystem.html:2066:1 (S3FileSystem.Rd:1208): Warning: <h5> anchor "Usage" already defined S3FileSystem.html:2072:1 (S3FileSystem.Rd:1212): Warning: <h5> anchor "Arguments" already defined S3FileSystem.html:2085:1 (S3FileSystem.Rd:1219): Warning: <h5> anchor "Returns" already defined S3FileSystem.html:2102:1 (S3FileSystem.Rd:1228): Warning: <h5> anchor "Usage" already defined S3FileSystem.html:2108:1 (S3FileSystem.Rd:1232): Warning: <h5> anchor "Arguments" already defined S3FileSystem.html:2121:1 (S3FileSystem.Rd:1239): Warning: <h5> anchor "Returns" already defined S3FileSystem.html:2138:1 (S3FileSystem.Rd:1248): Warning: <h5> anchor "Usage" already defined S3FileSystem.html:2144:1 (S3FileSystem.Rd:1252): Warning: <h5> anchor "Arguments" already defined S3FileSystem.html:2159:1 (S3FileSystem.Rd:1261): Warning: <h5> anchor "Returns" already defined S3FileSystem.html:2176:1 (S3FileSystem.Rd:1270): Warning: <h5> anchor "Usage" already defined S3FileSystem.html:2182:1 (S3FileSystem.Rd:1274): Warning: <h5> anchor "Arguments" already defined S3FileSystem.html:2195:1 (S3FileSystem.Rd:1281): Warning: <h5> anchor "Returns" already defined S3FileSystem.html:2212:1 (S3FileSystem.Rd:1290): Warning: <h5> anchor "Usage" already defined S3FileSystem.html:2218:1 (S3FileSystem.Rd:1294): Warning: <h5> anchor "Arguments" already defined S3FileSystem.html:2231:1 (S3FileSystem.Rd:1301): Warning: <h5> anchor "Returns" already defined S3FileSystem.html:2248:1 (S3FileSystem.Rd:1310): Warning: <h5> anchor "Usage" already defined S3FileSystem.html:2254:1 (S3FileSystem.Rd:1314): Warning: <h5> anchor "Arguments" already defined S3FileSystem.html:2267:1 (S3FileSystem.Rd:1321): Warning: <h5> anchor "Returns" already defined S3FileSystem.html:2284:1 (S3FileSystem.Rd:1330): Warning: <h5> anchor "Usage" already defined S3FileSystem.html:2290:1 (S3FileSystem.Rd:1334): Warning: <h5> anchor "Arguments" already defined S3FileSystem.html:2313:1 (S3FileSystem.Rd:1347): Warning: <h5> anchor "Usage" already defined S3FileSystem.html:2319:1 (S3FileSystem.Rd:1351): Warning: <h5> anchor "Arguments" already defined file_type.html:56:1 (file_type.Rd:22): Warning: missing </ul> before </div> s3_bucket_delete.html:46:1 (s3_bucket_delete.Rd:10): Warning: missing </ul> before </div> s3_file_version_info.html:50:1 (s3_file_version_info.Rd:12): Warning: missing </ul> before </div> tag.html:63:1 (tag.Rd:22): Warning: missing </ul> before </div> Flavor: r-devel-linux-x86_64-debian-gcc