Last updated on 2025-07-04 09:50:03 CEST.
Flavor | Version | Tinstall | Tcheck | Ttotal | Status | Flags |
---|---|---|---|---|---|---|
r-devel-linux-x86_64-debian-clang | 1.2.3 | 18.78 | 104.16 | 122.94 | OK | |
r-devel-linux-x86_64-debian-gcc | 1.2.3 | 11.11 | 70.47 | 81.58 | OK | |
r-devel-linux-x86_64-fedora-clang | 1.2.3 | 190.07 | OK | |||
r-devel-linux-x86_64-fedora-gcc | 1.2.3 | 194.27 | OK | |||
r-devel-windows-x86_64 | 1.2.3 | 16.00 | 99.00 | 115.00 | OK | |
r-patched-linux-x86_64 | 1.2.3 | 15.28 | 95.83 | 111.11 | OK | |
r-release-linux-x86_64 | 1.2.3 | 16.22 | 95.14 | 111.36 | OK | |
r-release-macos-arm64 | 1.2.3 | 47.00 | OK | |||
r-release-macos-x86_64 | 1.2.3 | 71.00 | OK | |||
r-release-windows-x86_64 | 1.2.3 | 18.00 | 101.00 | 119.00 | OK | |
r-oldrel-macos-arm64 | 1.2.3 | 54.00 | NOTE | |||
r-oldrel-macos-x86_64 | 1.2.3 | 97.00 | NOTE | |||
r-oldrel-windows-x86_64 | 1.2.3 | 25.00 | 126.00 | 151.00 | OK |
Version: 1.2.3
Check: package dependencies
Result: NOTE
Package suggested but not available for checking: ‘INLA’
Flavors: r-oldrel-macos-arm64, r-oldrel-macos-x86_64