Last updated on 2025-10-22 09:50:51 CEST.
Flavor | Version | Tinstall | Tcheck | Ttotal | Status | Flags |
---|---|---|---|---|---|---|
r-devel-linux-x86_64-debian-clang | 1.1.0 | 6.16 | 136.83 | 142.99 | NOTE | |
r-devel-linux-x86_64-debian-gcc | 1.1.0 | 4.13 | 95.98 | 100.11 | NOTE | |
r-devel-linux-x86_64-fedora-clang | 1.1.0 | 14.00 | 206.39 | 220.39 | OK | |
r-devel-linux-x86_64-fedora-gcc | 1.1.0 | 14.00 | 213.41 | 227.41 | OK | |
r-devel-windows-x86_64 | 1.1.0 | 8.00 | 134.00 | 142.00 | OK | |
r-patched-linux-x86_64 | 1.1.0 | 4.40 | 130.49 | 134.89 | OK | |
r-release-linux-x86_64 | 1.1.0 | 6.61 | 130.72 | 137.33 | OK | |
r-release-macos-arm64 | 1.1.0 | 3.00 | 51.00 | 54.00 | OK | |
r-release-macos-x86_64 | 1.1.0 | 5.00 | 100.00 | 105.00 | OK | |
r-release-windows-x86_64 | 1.1.0 | 12.00 | 132.00 | 144.00 | OK | |
r-oldrel-macos-arm64 | 1.1.0 | 3.00 | 54.00 | 57.00 | OK | |
r-oldrel-macos-x86_64 | 1.1.0 | 7.00 | 98.00 | 105.00 | OK | |
r-oldrel-windows-x86_64 | 1.1.0 | 12.00 | 164.00 | 176.00 | OK |
Version: 1.1.0
Check: HTML version of manual
Result: NOTE
Found the following HTML validation problems:
setup_mesos.html:90:1 (setup_mesos.Rd:38): Warning: missing </ul> before </div>
Flavors: r-devel-linux-x86_64-debian-clang, r-devel-linux-x86_64-debian-gcc