Last updated on 2025-10-22 09:50:51 CEST.
Flavor | Version | Tinstall | Tcheck | Ttotal | Status | Flags |
---|---|---|---|---|---|---|
r-devel-linux-x86_64-debian-clang | 0.0.2 | 2.19 | 93.84 | 96.03 | NOTE | |
r-devel-linux-x86_64-debian-gcc | 0.0.2 | 1.64 | 65.76 | 67.40 | NOTE | |
r-devel-linux-x86_64-fedora-clang | 0.0.2 | 157.48 | OK | |||
r-devel-linux-x86_64-fedora-gcc | 0.0.2 | 174.84 | OK | |||
r-devel-windows-x86_64 | 0.0.2 | 3.00 | 111.00 | 114.00 | OK | |
r-patched-linux-x86_64 | 0.0.2 | 2.23 | 91.07 | 93.30 | OK | |
r-release-linux-x86_64 | 0.0.2 | 2.03 | 90.19 | 92.22 | OK | |
r-release-macos-arm64 | 0.0.2 | 1.00 | 94.00 | 95.00 | OK | |
r-release-macos-x86_64 | 0.0.2 | 2.00 | 112.00 | 114.00 | OK | |
r-release-windows-x86_64 | 0.0.2 | 3.00 | 112.00 | 115.00 | OK | |
r-oldrel-macos-arm64 | 0.0.2 | 1.00 | 52.00 | 53.00 | NOTE | |
r-oldrel-macos-x86_64 | 0.0.2 | 2.00 | 85.00 | 87.00 | NOTE | |
r-oldrel-windows-x86_64 | 0.0.2 | 5.00 | 138.00 | 143.00 | NOTE |
Version: 0.0.2
Check: HTML version of manual
Result: NOTE
Found the following HTML validation problems:
cost_func.html:58:1 (cost_func.Rd:16): Warning: missing </ul> before </div>
update_C.html:54:1 (update_C.Rd:14): Warning: missing </ul> before </div>
Flavors: r-devel-linux-x86_64-debian-clang, r-devel-linux-x86_64-debian-gcc
Version: 0.0.2
Check: LazyData
Result: NOTE
'LazyData' is specified without a 'data' directory
Flavors: r-oldrel-macos-arm64, r-oldrel-macos-x86_64, r-oldrel-windows-x86_64