Last updated on 2025-10-22 09:50:51 CEST.
Flavor | Version | Tinstall | Tcheck | Ttotal | Status | Flags |
---|---|---|---|---|---|---|
r-devel-linux-x86_64-debian-clang | 0.1.0 | 2.09 | 34.84 | 36.93 | NOTE | |
r-devel-linux-x86_64-debian-gcc | 0.1.0 | 1.66 | 26.94 | 28.60 | NOTE | |
r-devel-linux-x86_64-fedora-clang | 0.1.0 | 53.39 | OK | |||
r-devel-linux-x86_64-fedora-gcc | 0.1.0 | 65.47 | OK | |||
r-devel-windows-x86_64 | 0.1.0 | 4.00 | 53.00 | 57.00 | OK | |
r-patched-linux-x86_64 | 0.1.0 | 2.36 | 32.02 | 34.38 | OK | |
r-release-linux-x86_64 | 0.1.0 | 1.79 | 31.49 | 33.28 | OK | |
r-release-macos-arm64 | 0.1.0 | 1.00 | 28.00 | 29.00 | OK | |
r-release-macos-x86_64 | 0.1.0 | 2.00 | 63.00 | 65.00 | OK | |
r-release-windows-x86_64 | 0.1.0 | 5.00 | 55.00 | 60.00 | OK | |
r-oldrel-macos-arm64 | 0.1.0 | 1.00 | 23.00 | 24.00 | OK | |
r-oldrel-macos-x86_64 | 0.1.0 | 1.00 | 37.00 | 38.00 | OK | |
r-oldrel-windows-x86_64 | 0.1.0 | 4.00 | 62.00 | 66.00 | OK |
Version: 0.1.0
Check: HTML version of manual
Result: NOTE
Found the following HTML validation problems:
dot-error_message.html:70:1 (dot-error_message.Rd:26): Warning: missing </ul> before </div>
dot-shared-parameters.html:40:1 (dot-shared-parameters.Rd:7): Warning: missing </ul> before </div>
Flavors: r-devel-linux-x86_64-debian-clang, r-devel-linux-x86_64-debian-gcc