Last updated on 2025-07-04 09:50:03 CEST.
Flavor | Version | Tinstall | Tcheck | Ttotal | Status | Flags |
---|---|---|---|---|---|---|
r-devel-linux-x86_64-debian-clang | 5.2.4 | 381.75 | 553.52 | 935.27 | OK | |
r-devel-linux-x86_64-debian-gcc | 5.2.4 | 360.73 | 462.26 | 822.99 | OK | |
r-devel-linux-x86_64-fedora-clang | 5.2.4 | 1633.73 | OK | |||
r-devel-linux-x86_64-fedora-gcc | 5.2.4 | 1739.99 | OK | |||
r-devel-windows-x86_64 | 5.2.4 | 606.00 | 699.00 | 1305.00 | OK | |
r-patched-linux-x86_64 | 5.2.4 | 533.10 | 692.29 | 1225.39 | OK | |
r-release-linux-x86_64 | 5.2.4 | 511.21 | 696.78 | 1207.99 | OK | |
r-release-macos-arm64 | 5.2.4 | 317.00 | OK | |||
r-release-macos-x86_64 | 5.2.4 | 636.00 | OK | |||
r-release-windows-x86_64 | 5.2.4 | 618.00 | 712.00 | 1330.00 | OK | |
r-oldrel-macos-arm64 | 5.2.4 | 330.00 | NOTE | |||
r-oldrel-macos-x86_64 | 5.2.4 | 627.00 | NOTE | |||
r-oldrel-windows-x86_64 | 5.2.4 | 747.00 | 933.00 | 1680.00 | NOTE |
Version: 5.2.4
Check: installed package size
Result: NOTE
installed size is 20.1Mb
sub-directories of 1Mb or more:
R 2.0Mb
libs 16.2Mb
Flavors: r-oldrel-macos-arm64, r-oldrel-macos-x86_64, r-oldrel-windows-x86_64
Version: 5.2.4
Check: for GNU extensions in Makefiles
Result: NOTE
GNU make is a SystemRequirements.
Flavors: r-oldrel-macos-arm64, r-oldrel-macos-x86_64, r-oldrel-windows-x86_64