Last updated on 2025-10-22 09:50:51 CEST.
Flavor | Version | Tinstall | Tcheck | Ttotal | Status | Flags |
---|---|---|---|---|---|---|
r-devel-linux-x86_64-debian-clang | 0.3.0 | 5.37 | 60.33 | 65.70 | NOTE | |
r-devel-linux-x86_64-debian-gcc | 0.3.0 | 3.87 | 45.29 | 49.16 | NOTE | |
r-devel-linux-x86_64-fedora-clang | 0.3.0 | 36.00 | 60.94 | 96.94 | OK | |
r-devel-linux-x86_64-fedora-gcc | 0.3.0 | 14.00 | 85.76 | 99.76 | OK | |
r-devel-windows-x86_64 | 0.3.0 | 7.00 | 67.00 | 74.00 | OK | |
r-patched-linux-x86_64 | 0.3.0 | 5.89 | 55.92 | 61.81 | OK | |
r-release-linux-x86_64 | 0.3.0 | 4.38 | 55.69 | 60.07 | OK | |
r-release-macos-arm64 | 0.3.0 | 3.00 | 38.00 | 41.00 | OK | |
r-release-macos-x86_64 | 0.3.0 | 5.00 | 52.00 | 57.00 | OK | |
r-release-windows-x86_64 | 0.3.0 | 7.00 | 72.00 | 79.00 | OK | |
r-oldrel-macos-arm64 | 0.3.0 | 3.00 | 29.00 | 32.00 | OK | |
r-oldrel-macos-x86_64 | 0.3.0 | 4.00 | 40.00 | 44.00 | OK | |
r-oldrel-windows-x86_64 | 0.3.0 | 8.00 | 87.00 | 95.00 | OK |
Version: 0.3.0
Check: CRAN incoming feasibility
Result: NOTE
Maintainer: ‘Michelle Picoli <mipicoli@gmail.com>’
Package CITATION file contains call(s) to old-style citEntry(). Please
use bibentry() instead.
Flavors: r-devel-linux-x86_64-debian-clang, r-devel-linux-x86_64-debian-gcc
Version: 0.3.0
Check: HTML version of manual
Result: NOTE
Found the following HTML validation problems:
plot.html:198:1 (plot.Rd:105): Warning: missing </ul> before </div>
Flavors: r-devel-linux-x86_64-debian-clang, r-devel-linux-x86_64-debian-gcc