Last updated on 2025-07-04 09:50:04 CEST.
Flavor | Version | Tinstall | Tcheck | Ttotal | Status | Flags |
---|---|---|---|---|---|---|
r-devel-linux-x86_64-debian-clang | 0.1.31 | 53.35 | 407.34 | 460.69 | NOTE | |
r-devel-linux-x86_64-debian-gcc | 0.1.31 | 39.04 | 275.08 | 314.12 | NOTE | |
r-devel-linux-x86_64-fedora-clang | 0.1.31 | 724.33 | OK | |||
r-devel-linux-x86_64-fedora-gcc | 0.1.31 | 595.16 | OK | |||
r-devel-windows-x86_64 | 0.1.31 | 47.00 | 299.00 | 346.00 | OK | |
r-patched-linux-x86_64 | 0.1.31 | 54.38 | 383.97 | 438.35 | OK | |
r-release-linux-x86_64 | 0.1.31 | 53.31 | 382.01 | 435.32 | OK | |
r-release-macos-arm64 | 0.1.31 | 187.00 | OK | |||
r-release-macos-x86_64 | 0.1.31 | 338.00 | OK | |||
r-release-windows-x86_64 | 0.1.31 | 47.00 | 307.00 | 354.00 | OK | |
r-oldrel-macos-arm64 | 0.1.31 | 131.00 | OK | |||
r-oldrel-macos-x86_64 | 0.1.31 | 216.00 | OK | |||
r-oldrel-windows-x86_64 | 0.1.31 | 68.00 | 422.00 | 490.00 | OK |
Version: 0.1.31
Check: DESCRIPTION meta-information
Result: NOTE
Author field differs from that derived from Authors@R
Author: ‘Inder Tecuapetla-Gómez [cre, aut] (0000-0001-6251-972X), Fanny Galicia-Gómez [ctb], Francisco Rosales-Marticorena [ctb]’
Authors@R: ‘Inder Tecuapetla-Gómez [cre, aut] (ORDIC: 0000-0001-6251-972X), Fanny Galicia-Gómez [ctb], Francisco Rosales-Marticorena [ctb]’
Flavors: r-devel-linux-x86_64-debian-clang, r-devel-linux-x86_64-debian-gcc