Last updated on 2025-10-22 09:50:51 CEST.
Flavor | Version | Tinstall | Tcheck | Ttotal | Status | Flags |
---|---|---|---|---|---|---|
r-devel-linux-x86_64-debian-clang | 3.0.3 | 77.95 | 197.75 | 275.70 | NOTE | |
r-devel-linux-x86_64-debian-gcc | 3.0.3 | 44.15 | 130.29 | 174.44 | NOTE | |
r-devel-linux-x86_64-fedora-clang | 3.0.3 | 149.00 | 263.85 | 412.85 | OK | |
r-devel-linux-x86_64-fedora-gcc | 3.0.3 | 160.00 | 244.96 | 404.96 | OK | |
r-devel-windows-x86_64 | 3.0.3 | 72.00 | 245.00 | 317.00 | OK | |
r-patched-linux-x86_64 | 3.0.3 | 69.27 | 173.55 | 242.82 | OK | |
r-release-linux-x86_64 | 3.0.3 | 72.19 | 172.90 | 245.09 | OK | |
r-release-macos-arm64 | 3.0.3 | 39.00 | 89.00 | 128.00 | OK | |
r-release-macos-x86_64 | 3.0.3 | 81.00 | 163.00 | 244.00 | OK | |
r-release-windows-x86_64 | 3.0.3 | 73.00 | 251.00 | 324.00 | OK | |
r-oldrel-macos-arm64 | 3.0.3 | 39.00 | 160.00 | 199.00 | OK | |
r-oldrel-macos-x86_64 | 3.0.3 | 139.00 | 212.00 | 351.00 | OK | |
r-oldrel-windows-x86_64 | 3.0.3 | 94.00 | 277.00 | 371.00 | OK |
Version: 3.0.3
Check: HTML version of manual
Result: NOTE
Found the following HTML validation problems:
MakeAgePrior.html:280:1 (MakeAgePrior.Rd:180): Warning: <h3> anchor "MaxAgeParent" already defined
MergeFill.html:65:1 (MergeFill.Rd:20): Warning: missing </ul> before </div>
MkAPdefault.html:54:1 (MkAPdefault.Rd:14): Warning: missing </ul> before </div>
writeColumns.html:62:1 (writeColumns.Rd:19): Warning: missing </ul> before </div>
Flavors: r-devel-linux-x86_64-debian-clang, r-devel-linux-x86_64-debian-gcc