Last updated on 2025-10-22 09:50:51 CEST.
Flavor | Version | Tinstall | Tcheck | Ttotal | Status | Flags |
---|---|---|---|---|---|---|
r-devel-linux-x86_64-debian-clang | 0.9.1 | 8.75 | 72.30 | 81.05 | NOTE | |
r-devel-linux-x86_64-debian-gcc | 0.9.1 | 6.19 | 50.37 | 56.56 | NOTE | |
r-devel-linux-x86_64-fedora-clang | 0.9.1 | 20.00 | 96.65 | 116.65 | OK | |
r-devel-linux-x86_64-fedora-gcc | 0.9.1 | 20.00 | 94.01 | 114.01 | OK | |
r-devel-windows-x86_64 | 0.9.1 | 10.00 | 111.00 | 121.00 | OK | |
r-patched-linux-x86_64 | 0.9.1 | 10.15 | 64.51 | 74.66 | OK | |
r-release-linux-x86_64 | 0.9.1 | 8.77 | 64.68 | 73.45 | OK | |
r-release-macos-arm64 | 0.9.1 | 5.00 | 44.00 | 49.00 | OK | |
r-release-macos-x86_64 | 0.9.1 | 7.00 | 70.00 | 77.00 | OK | |
r-release-windows-x86_64 | 0.9.1 | 11.00 | 113.00 | 124.00 | OK | |
r-oldrel-macos-arm64 | 0.9.1 | 4.00 | 38.00 | 42.00 | OK | |
r-oldrel-macos-x86_64 | 0.9.1 | 6.00 | 53.00 | 59.00 | OK | |
r-oldrel-windows-x86_64 | 0.9.1 | 14.00 | 132.00 | 146.00 | OK |
Version: 0.9.1
Check: HTML version of manual
Result: NOTE
Found the following HTML validation problems:
dbGetInfo.html:50:1 (dbGetInfo.Rd:13): Warning: missing </ul> before </div>
format.DrillConnection.html:51:1 (format.DrillConnection.Rd:12): Warning: missing </ul> before </div>
print.drill_conn.html:51:1 (print.drill_conn.Rd:12): Warning: missing </ul> before </div>
Flavors: r-devel-linux-x86_64-debian-clang, r-devel-linux-x86_64-debian-gcc