Last updated on 2025-10-22 09:50:52 CEST.
Flavor | Version | Tinstall | Tcheck | Ttotal | Status | Flags |
---|---|---|---|---|---|---|
r-devel-linux-x86_64-debian-clang | 0.6.5 | 10.13 | 259.87 | 270.00 | NOTE | |
r-devel-linux-x86_64-debian-gcc | 0.6.5 | 7.06 | 183.82 | 190.88 | NOTE | |
r-devel-linux-x86_64-fedora-clang | 0.6.5 | 67.00 | 332.55 | 399.55 | OK | |
r-devel-linux-x86_64-fedora-gcc | 0.6.5 | 31.00 | 383.56 | 414.56 | OK | |
r-devel-windows-x86_64 | 0.6.5 | 15.00 | 248.00 | 263.00 | OK | |
r-patched-linux-x86_64 | 0.6.5 | 10.88 | 239.95 | 250.83 | OK | |
r-release-linux-x86_64 | 0.6.5 | 10.42 | 244.96 | 255.38 | OK | |
r-release-macos-arm64 | 0.6.5 | 7.00 | 107.00 | 114.00 | OK | |
r-release-macos-x86_64 | 0.6.5 | 17.00 | 227.00 | 244.00 | OK | |
r-release-windows-x86_64 | 0.6.5 | 17.00 | 237.00 | 254.00 | OK | |
r-oldrel-macos-arm64 | 0.6.5 | 7.00 | 103.00 | 110.00 | OK | |
r-oldrel-macos-x86_64 | 0.6.5 | 13.00 | 210.00 | 223.00 | OK | |
r-oldrel-windows-x86_64 | 0.6.5 | 21.00 | 325.00 | 346.00 | OK |
Version: 0.6.5
Check: HTML version of manual
Result: NOTE
Found the following HTML validation problems:
s2.html:50:1 (s2.Rd:13): Warning: missing </ul> before </div>
Flavors: r-devel-linux-x86_64-debian-clang, r-devel-linux-x86_64-debian-gcc