Last updated on 2025-07-03 09:50:53 CEST.
Flavor | Version | Tinstall | Tcheck | Ttotal | Status | Flags |
---|---|---|---|---|---|---|
r-devel-linux-x86_64-debian-clang | 1.11.0 | 36.15 | 149.31 | 185.46 | OK | |
r-devel-linux-x86_64-debian-gcc | 1.11.0 | 21.46 | 100.37 | 121.83 | OK | |
r-devel-linux-x86_64-fedora-clang | 1.11.0 | 282.42 | OK | |||
r-devel-linux-x86_64-fedora-gcc | 1.11.0 | 286.49 | OK | |||
r-devel-windows-x86_64 | 1.11.0 | 36.00 | 187.00 | 223.00 | OK | |
r-patched-linux-x86_64 | 1.11.0 | 36.65 | 139.52 | 176.17 | OK | |
r-release-linux-x86_64 | 1.11.0 | 32.62 | 137.87 | 170.49 | OK | |
r-release-macos-arm64 | 1.10.0 | 95.00 | OK | |||
r-release-macos-x86_64 | 1.11.0 | 165.00 | OK | |||
r-release-windows-x86_64 | 1.11.0 | 40.00 | 190.00 | 230.00 | OK | |
r-oldrel-macos-arm64 | 1.10.0 | 79.00 | NOTE | |||
r-oldrel-macos-x86_64 | 1.11.1 | 172.00 | NOTE | |||
r-oldrel-windows-x86_64 | 1.11.0 | 52.00 | 232.00 | 284.00 | NOTE |
Version: 1.10.0
Check: installed package size
Result: NOTE
installed size is 14.2Mb
sub-directories of 1Mb or more:
R 2.1Mb
www 10.3Mb
Flavor: r-oldrel-macos-arm64
Version: 1.11.1
Check: installed package size
Result: NOTE
installed size is 10.5Mb
sub-directories of 1Mb or more:
R 2.0Mb
www 6.7Mb
Flavor: r-oldrel-macos-x86_64
Version: 1.11.0
Check: installed package size
Result: NOTE
installed size is 9.7Mb
sub-directories of 1Mb or more:
R 1.5Mb
www 6.5Mb
Flavor: r-oldrel-windows-x86_64