Last updated on 2025-10-22 09:50:52 CEST.
Flavor | Version | Tinstall | Tcheck | Ttotal | Status | Flags |
---|---|---|---|---|---|---|
r-devel-linux-x86_64-debian-clang | 0.0.5 | 6.55 | 53.16 | 59.71 | NOTE | |
r-devel-linux-x86_64-debian-gcc | 0.0.5 | 4.99 | 37.83 | 42.82 | NOTE | |
r-devel-linux-x86_64-fedora-clang | 0.0.5 | 115.00 | -15.49 | 99.51 | NOTE | |
r-devel-linux-x86_64-fedora-gcc | 0.0.5 | 21.00 | 66.74 | 87.74 | NOTE | |
r-devel-windows-x86_64 | 0.0.5 | 8.00 | 63.00 | 71.00 | NOTE | |
r-patched-linux-x86_64 | 0.0.5 | 6.64 | 49.15 | 55.79 | NOTE | |
r-release-linux-x86_64 | 0.0.5 | 6.16 | 49.64 | 55.80 | NOTE | |
r-release-macos-arm64 | 0.0.5 | 3.00 | 22.00 | 25.00 | NOTE | |
r-release-macos-x86_64 | 0.0.5 | 6.00 | 42.00 | 48.00 | NOTE | |
r-release-windows-x86_64 | 0.0.5 | 9.00 | 65.00 | 74.00 | NOTE | |
r-oldrel-macos-arm64 | 0.0.5 | 3.00 | 23.00 | 26.00 | OK | |
r-oldrel-macos-x86_64 | 0.0.5 | 5.00 | 41.00 | 46.00 | OK | |
r-oldrel-windows-x86_64 | 0.0.5 | 11.00 | 78.00 | 89.00 | OK |
Version: 0.0.5
Check: DESCRIPTION meta-information
Result: NOTE
Missing dependency on R >= 4.1.0 because package code uses the pipe
|> or function shorthand \(...) syntax added in R 4.1.0.
File(s) using such syntax:
‘continue_sequence.R’ ‘get_exchange_rates.R’
Flavors: r-devel-linux-x86_64-debian-clang, r-devel-linux-x86_64-debian-gcc, r-devel-linux-x86_64-fedora-clang, r-devel-linux-x86_64-fedora-gcc, r-devel-windows-x86_64, r-patched-linux-x86_64, r-release-linux-x86_64, r-release-macos-arm64, r-release-macos-x86_64, r-release-windows-x86_64