CRAN Package Check Results for Package shinyMonacoEditor

Last updated on 2025-07-03 09:50:53 CEST.

Flavor Version Tinstall Tcheck Ttotal Status Flags
r-devel-linux-x86_64-debian-clang 1.1.0 3.37 28.74 32.11 OK
r-devel-linux-x86_64-debian-gcc 1.1.0 2.66 22.63 25.29 OK
r-devel-linux-x86_64-fedora-clang 1.1.0 51.34 OK
r-devel-linux-x86_64-fedora-gcc 1.1.0 48.69 OK
r-devel-windows-x86_64 1.1.0 10.00 48.00 58.00 OK
r-patched-linux-x86_64 1.1.0 2.96 27.15 30.11 OK
r-release-linux-x86_64 1.1.0 3.32 27.50 30.82 OK
r-release-macos-arm64 1.1.0 24.00 OK
r-release-macos-x86_64 1.1.0 42.00 OK
r-release-windows-x86_64 1.1.0 10.00 48.00 58.00 OK
r-oldrel-macos-arm64 1.1.0 21.00 NOTE
r-oldrel-macos-x86_64 1.1.0 30.00 NOTE
r-oldrel-windows-x86_64 1.1.0 10.00 54.00 64.00 NOTE

Check Details

Version: 1.1.0
Check: package dependencies
Result: NOTE Package suggested but not available for checking: ‘uchardet’ Flavors: r-oldrel-macos-arm64, r-oldrel-macos-x86_64

Version: 1.1.0
Check: installed package size
Result: NOTE installed size is 21.1Mb sub-directories of 1Mb or more: shinyApp 21.0Mb Flavors: r-oldrel-macos-arm64, r-oldrel-macos-x86_64, r-oldrel-windows-x86_64

Version: 1.1.0
Check: LazyData
Result: NOTE 'LazyData' is specified without a 'data' directory Flavors: r-oldrel-macos-arm64, r-oldrel-macos-x86_64, r-oldrel-windows-x86_64