CRAN Package Check Results for Package shinyNORRRM

Last updated on 2025-10-22 09:50:52 CEST.

Flavor Version Tinstall Tcheck Ttotal Status Flags
r-devel-linux-x86_64-debian-clang 0.8.6 7.68 54.11 61.79 NOTE
r-devel-linux-x86_64-debian-gcc 0.8.6 5.97 39.68 45.65 NOTE
r-devel-linux-x86_64-fedora-clang 0.8.6 17.00 76.74 93.74 OK
r-devel-linux-x86_64-fedora-gcc 0.8.6 29.00 63.92 92.92 OK
r-devel-windows-x86_64 0.8.6 10.00 67.00 77.00 OK
r-patched-linux-x86_64 0.8.6 8.34 50.71 59.05 OK
r-release-linux-x86_64 0.8.6 7.38 50.37 57.75 OK
r-release-macos-arm64 0.8.6 4.00 26.00 30.00 OK
r-release-macos-x86_64 0.8.6 4.00 44.00 48.00 OK
r-release-windows-x86_64 0.8.6 12.00 75.00 87.00 OK
r-oldrel-macos-arm64 0.8.6 4.00 24.00 28.00 OK
r-oldrel-macos-x86_64 0.8.6 6.00 37.00 43.00 OK
r-oldrel-windows-x86_64 0.8.6 14.00 81.00 95.00 OK

Check Details

Version: 0.8.6
Check: CRAN incoming feasibility
Result: NOTE Maintainer: ‘Reneé González-Guzmán <rguzman@geociencias.unam.mx>’ Package CITATION file contains call(s) to old-style personList() or as.personList(). Please use c() on person objects instead. Package CITATION file contains call(s) to old-style citEntry(). Please use bibentry() instead. Flavors: r-devel-linux-x86_64-debian-clang, r-devel-linux-x86_64-debian-gcc