CRAN Package Check Results for Package shinytoastr

Last updated on 2025-07-03 09:50:53 CEST.

Flavor Version Tinstall Tcheck Ttotal Status Flags
r-devel-linux-x86_64-debian-clang 2.2.0 3.46 30.47 33.93 NOTE
r-devel-linux-x86_64-debian-gcc 2.2.0 2.63 24.02 26.65 NOTE
r-devel-linux-x86_64-fedora-clang 2.2.0 50.40 OK
r-devel-linux-x86_64-fedora-gcc 2.2.0 47.90 OK
r-devel-windows-x86_64 2.2.0 4.00 50.00 54.00 OK
r-patched-linux-x86_64 2.2.0 3.47 28.15 31.62 OK
r-release-linux-x86_64 2.2.0 2.92 27.93 30.85 OK
r-release-macos-arm64 2.2.0 31.00 OK
r-release-macos-x86_64 2.2.0 34.00 OK
r-release-windows-x86_64 2.2.0 6.00 48.00 54.00 OK
r-oldrel-macos-arm64 2.2.0 19.00 OK
r-oldrel-macos-x86_64 2.2.0 28.00 OK
r-oldrel-windows-x86_64 2.2.0 6.00 55.00 61.00 OK

Check Details

Version: 2.2.0
Check: CRAN incoming feasibility
Result: NOTE Maintainer: ‘Gábor Csárdi <csardi.gabor@gmail.com>’ No Authors@R field in DESCRIPTION. Please add one, modifying Authors@R: c(person(given = "John", family = "Papa", role = "aut"), person(given = "Tim", family = "Ferrell", role = "aut"), person(given = "Hans", family = "Fjällemark", role = "aut"), person(given = "Gábor", family = "Csárdi", role = c("aut", "cre"), email = "csardi.gabor@gmail.com")) as necessary. Flavors: r-devel-linux-x86_64-debian-clang, r-devel-linux-x86_64-debian-gcc