CRAN Package Check Results for Package signed.backbones

Last updated on 2025-10-22 09:50:52 CEST.

Flavor Version Tinstall Tcheck Ttotal Status Flags
r-devel-linux-x86_64-debian-clang 0.91.5 1.81 19.60 21.41 NOTE
r-devel-linux-x86_64-debian-gcc 0.91.5 1.43 15.93 17.36 NOTE
r-devel-linux-x86_64-fedora-clang 0.91.5 32.14 OK
r-devel-linux-x86_64-fedora-gcc 0.91.5 30.18 OK
r-devel-windows-x86_64 0.91.5 4.00 38.00 42.00 OK
r-patched-linux-x86_64 0.91.5 1.58 18.86 20.44 OK
r-release-linux-x86_64 0.91.5 1.70 18.70 20.40 OK
r-release-macos-arm64 0.91.5 2.00 17.00 19.00 OK
r-release-macos-x86_64 0.91.5 2.00 22.00 24.00 OK
r-release-windows-x86_64 0.91.5 4.00 40.00 44.00 OK
r-oldrel-macos-arm64 0.91.5 1.00 13.00 14.00 OK
r-oldrel-macos-x86_64 0.91.5 2.00 19.00 21.00 OK
r-oldrel-windows-x86_64 0.91.5 4.00 43.00 47.00 OK

Check Details

Version: 0.91.5
Check: CRAN incoming feasibility
Result: NOTE Maintainer: ‘Furkan Gursoy <furkan.gursoy@boun.edu.tr>’ The Description field contains Networks. <arXiv:2012.05216>. Please refer to arXiv e-prints via their arXiv DOI <doi:10.48550/arXiv.YYMM.NNNNN>. Flavors: r-devel-linux-x86_64-debian-clang, r-devel-linux-x86_64-debian-gcc