Last updated on 2025-07-04 09:50:04 CEST.
Flavor | Version | Tinstall | Tcheck | Ttotal | Status | Flags |
---|---|---|---|---|---|---|
r-devel-linux-x86_64-debian-clang | 0.1.0 | 5.63 | 111.73 | 117.36 | OK | |
r-devel-linux-x86_64-debian-gcc | 0.1.0 | 3.89 | 76.96 | 80.85 | OK | |
r-devel-linux-x86_64-fedora-clang | 0.1.0 | 180.21 | OK | |||
r-devel-linux-x86_64-fedora-gcc | 0.1.0 | 199.05 | OK | |||
r-devel-windows-x86_64 | 0.1.0 | 7.00 | 133.00 | 140.00 | OK | |
r-patched-linux-x86_64 | 0.1.0 | 4.93 | 103.09 | 108.02 | OK | |
r-release-linux-x86_64 | 0.1.0 | 5.14 | 105.19 | 110.33 | OK | |
r-release-macos-arm64 | 0.1.0 | 60.00 | OK | |||
r-release-macos-x86_64 | 0.1.0 | 119.00 | OK | |||
r-release-windows-x86_64 | 0.1.0 | 10.00 | 133.00 | 143.00 | OK | |
r-oldrel-macos-arm64 | 0.1.0 | 62.00 | OK | |||
r-oldrel-macos-x86_64 | 0.1.0 | 97.00 | OK | |||
r-oldrel-windows-x86_64 | 0.1.0 | 10.00 | 168.00 | 178.00 | ERROR |
Version: 0.1.0
Check: re-building of vignette outputs
Result: ERROR
Error(s) in re-building vignettes:
--- re-building 'sim.BA.Rmd' using rmarkdown
File images/dag.png not found in resource path
Error: processing vignette 'sim.BA.Rmd' failed with diagnostics:
pandoc document conversion failed with error 99
--- failed re-building 'sim.BA.Rmd'
SUMMARY: processing the following file failed:
'sim.BA.Rmd'
Error: Vignette re-building failed.
Execution halted
Flavor: r-oldrel-windows-x86_64