CRAN Package Check Results for Package simITS

Last updated on 2025-07-04 09:50:04 CEST.

Flavor Version Tinstall Tcheck Ttotal Status Flags
r-devel-linux-x86_64-debian-clang 0.1.1 4.22 80.16 84.38 NOTE
r-devel-linux-x86_64-debian-gcc 0.1.1 3.69 58.65 62.34 NOTE
r-devel-linux-x86_64-fedora-clang 0.1.1 132.45 OK
r-devel-linux-x86_64-fedora-gcc 0.1.1 136.36 OK
r-devel-windows-x86_64 0.1.1 6.00 92.00 98.00 OK
r-patched-linux-x86_64 0.1.1 5.01 74.77 79.78 OK
r-release-linux-x86_64 0.1.1 4.26 74.55 78.81 OK
r-release-macos-arm64 0.1.1 46.00 OK
r-release-macos-x86_64 0.1.1 75.00 OK
r-release-windows-x86_64 0.1.1 7.00 92.00 99.00 OK
r-oldrel-macos-arm64 0.1.1 47.00 OK
r-oldrel-macos-x86_64 0.1.1 74.00 OK
r-oldrel-windows-x86_64 0.1.1 7.00 114.00 121.00 OK

Check Details

Version: 0.1.1
Check: CRAN incoming feasibility
Result: NOTE Maintainer: ‘Luke Miratrix <lmiratrix@g.harvard.edu>’ The Description field contains <arXiv:2002.05746>. This package provides methods for fitting ITS Please refer to arXiv e-prints via their arXiv DOI <doi:10.48550/arXiv.YYMM.NNNNN>. Flavors: r-devel-linux-x86_64-debian-clang, r-devel-linux-x86_64-debian-gcc