Last updated on 2025-10-22 09:50:52 CEST.
Flavor | Version | Tinstall | Tcheck | Ttotal | Status | Flags |
---|---|---|---|---|---|---|
r-devel-linux-x86_64-debian-clang | 2.6.1 | 7.99 | 133.57 | 141.56 | NOTE | |
r-devel-linux-x86_64-debian-gcc | 2.6.1 | 5.54 | 83.39 | 88.93 | NOTE | |
r-devel-linux-x86_64-fedora-clang | 2.6.1 | 17.00 | 220.68 | 237.68 | OK | |
r-devel-linux-x86_64-fedora-gcc | 2.6.1 | 16.00 | 203.89 | 219.89 | OK | |
r-devel-windows-x86_64 | 2.6.1 | 10.00 | 176.00 | 186.00 | OK | |
r-patched-linux-x86_64 | 2.6.1 | 7.71 | 129.70 | 137.41 | OK | |
r-release-linux-x86_64 | 2.6.1 | 8.14 | 128.86 | 137.00 | OK | |
r-release-macos-arm64 | 2.6.1 | 4.00 | 69.00 | 73.00 | OK | |
r-release-macos-x86_64 | 2.6.1 | 12.00 | 133.00 | 145.00 | OK | |
r-release-windows-x86_64 | 2.6.1 | 10.00 | 191.00 | 201.00 | OK | |
r-oldrel-macos-arm64 | 2.6.1 | 5.00 | 73.00 | 78.00 | OK | |
r-oldrel-macos-x86_64 | 2.6.1 | 11.00 | 172.00 | 183.00 | OK | |
r-oldrel-windows-x86_64 | 2.6.1 | 11.00 | 177.00 | 188.00 | OK |
Version: 2.6.1
Check: CRAN incoming feasibility
Result: NOTE
Maintainer: ‘Axel Gandy <a.gandy@imperial.ac.uk>’
Package CITATION file contains call(s) to old-style citEntry(). Please
use bibentry() instead.
Flavors: r-devel-linux-x86_64-debian-clang, r-devel-linux-x86_64-debian-gcc
Version: 2.6.1
Check: HTML version of manual
Result: NOTE
Found the following HTML validation problems:
getbounds-methods.html:46:1 (getbounds-methods.Rd:15): Warning: missing </ul> before </div>
Flavors: r-devel-linux-x86_64-debian-clang, r-devel-linux-x86_64-debian-gcc