Last updated on 2025-10-22 09:50:52 CEST.
Flavor | Version | Tinstall | Tcheck | Ttotal | Status | Flags |
---|---|---|---|---|---|---|
r-devel-linux-x86_64-debian-clang | 0.0.4 | 3.76 | 68.82 | 72.58 | NOTE | |
r-devel-linux-x86_64-debian-gcc | 0.0.4 | 2.82 | 49.63 | 52.45 | NOTE | |
r-devel-linux-x86_64-fedora-clang | 0.0.4 | 61.00 | 69.39 | 130.39 | OK | |
r-devel-linux-x86_64-fedora-gcc | 0.0.4 | 121.65 | OK | |||
r-devel-windows-x86_64 | 0.0.4 | 6.00 | 91.00 | 97.00 | OK | |
r-patched-linux-x86_64 | 0.0.4 | 4.17 | 64.13 | 68.30 | OK | |
r-release-linux-x86_64 | 0.0.4 | 3.24 | 64.42 | 67.66 | OK | |
r-release-macos-arm64 | 0.0.4 | 3.00 | 66.00 | 69.00 | OK | |
r-release-macos-x86_64 | 0.0.4 | 3.00 | 71.00 | 74.00 | OK | |
r-release-windows-x86_64 | 0.0.4 | 8.00 | 98.00 | 106.00 | OK | |
r-oldrel-macos-arm64 | 0.0.4 | 2.00 | 41.00 | 43.00 | OK | |
r-oldrel-macos-x86_64 | 0.0.4 | 4.00 | 79.00 | 83.00 | OK | |
r-oldrel-windows-x86_64 | 0.0.4 | 8.00 | 112.00 | 120.00 | OK |
Version: 0.0.4
Check: HTML version of manual
Result: NOTE
Found the following HTML validation problems:
params.html:115:1 (params.Rd:54): Warning: missing </ul> before </div>
Flavors: r-devel-linux-x86_64-debian-clang, r-devel-linux-x86_64-debian-gcc