CRAN Package Check Results for Package sindyr

Last updated on 2025-10-22 09:50:52 CEST.

Flavor Version Tinstall Tcheck Ttotal Status Flags
r-devel-linux-x86_64-debian-clang 0.2.4 3.28 31.95 35.23 NOTE
r-devel-linux-x86_64-debian-gcc 0.2.4 2.27 24.46 26.73 NOTE
r-devel-linux-x86_64-fedora-clang 0.2.4 12.00 43.65 55.65 OK
r-devel-linux-x86_64-fedora-gcc 0.2.4 49.88 OK
r-devel-windows-x86_64 0.2.4 4.00 49.00 53.00 OK
r-patched-linux-x86_64 0.2.4 3.20 29.89 33.09 OK
r-release-linux-x86_64 0.2.4 2.86 30.49 33.35 OK
r-release-macos-arm64 0.2.4 2.00 20.00 22.00 OK
r-release-macos-x86_64 0.2.4 3.00 33.00 36.00 OK
r-release-windows-x86_64 0.2.4 5.00 50.00 55.00 OK
r-oldrel-macos-arm64 0.2.4 2.00 19.00 21.00 OK
r-oldrel-macos-x86_64 0.2.4 2.00 26.00 28.00 OK
r-oldrel-windows-x86_64 0.2.4 6.00 57.00 63.00 OK

Check Details

Version: 0.2.4
Check: CRAN incoming feasibility
Result: NOTE Maintainer: ‘Rick Dale <racdale@gmail.com>’ No Authors@R field in DESCRIPTION. Please add one, modifying Authors@R: c(person(given = "Rick", family = "Dale", role = c("aut", "cre"), email = "racdale@gmail.com"), person(given = c("Harish", "S."), family = "Bhat", role = "aut")) as necessary. Flavors: r-devel-linux-x86_64-debian-clang, r-devel-linux-x86_64-debian-gcc