CRAN Package Check Results for Package smartsnp

Last updated on 2025-07-04 09:50:04 CEST.

Flavor Version Tinstall Tcheck Ttotal Status Flags
r-devel-linux-x86_64-debian-clang 1.2.0 20.81 58.21 79.02 OK
r-devel-linux-x86_64-debian-gcc 1.2.0 12.81 42.64 55.45 OK
r-devel-linux-x86_64-fedora-clang 1.2.0 136.16 OK
r-devel-linux-x86_64-fedora-gcc 1.2.0 132.41 OK
r-devel-windows-x86_64 1.2.0 31.00 89.00 120.00 OK
r-patched-linux-x86_64 1.2.0 19.42 54.28 73.70 OK
r-release-linux-x86_64 1.2.0 18.96 54.39 73.35 OK
r-release-macos-arm64 1.2.0 49.00 OK
r-release-macos-x86_64 1.2.0 78.00 OK
r-release-windows-x86_64 1.2.0 35.00 90.00 125.00 OK
r-oldrel-macos-arm64 1.2.0 51.00 OK
r-oldrel-macos-x86_64 1.2.0 85.00 OK
r-oldrel-windows-x86_64 1.2.0 40.00 112.00 152.00 ERROR

Check Details

Version: 1.2.0
Check: re-building of vignette outputs
Result: ERROR Error(s) in re-building vignettes: --- re-building 'Converting_VCF_and_PLINK_formats.Rmd' using rmarkdown File figure/data_transformation_example_plot-1.png not found in resource path Error: processing vignette 'Converting_VCF_and_PLINK_formats.Rmd' failed with diagnostics: pandoc document conversion failed with error 99 --- failed re-building 'Converting_VCF_and_PLINK_formats.Rmd' --- re-building 'aDNA_smartpca_analysis.Rmd' using rmarkdown File figure/lazaridis_plot-1.png not found in resource path Error: processing vignette 'aDNA_smartpca_analysis.Rmd' failed with diagnostics: pandoc document conversion failed with error 99 --- failed re-building 'aDNA_smartpca_analysis.Rmd' --- re-building 'mallard_smartpca_analysis.Rmd' using rmarkdown File figure/pca_plot_mallard-1.png not found in resource path Error: processing vignette 'mallard_smartpca_analysis.Rmd' failed with diagnostics: pandoc document conversion failed with error 99 --- failed re-building 'mallard_smartpca_analysis.Rmd' SUMMARY: processing the following files failed: 'Converting_VCF_and_PLINK_formats.Rmd' 'aDNA_smartpca_analysis.Rmd' 'mallard_smartpca_analysis.Rmd' Error: Vignette re-building failed. Execution halted Flavor: r-oldrel-windows-x86_64