CRAN Package Check Results for Package smdocker

Last updated on 2025-10-22 09:50:52 CEST.

Flavor Version Tinstall Tcheck Ttotal Status Flags
r-devel-linux-x86_64-debian-clang 0.1.4 4.60 41.30 45.90 NOTE
r-devel-linux-x86_64-debian-gcc 0.1.4 3.22 31.93 35.15 NOTE
r-devel-linux-x86_64-fedora-clang 0.1.4 19.00 52.01 71.01 NOTE
r-devel-linux-x86_64-fedora-gcc 0.1.4 10.00 54.37 64.37 NOTE
r-devel-windows-x86_64 0.1.4 6.00 60.00 66.00 NOTE
r-patched-linux-x86_64 0.1.4 4.07 37.78 41.85 NOTE
r-release-linux-x86_64 0.1.4 3.79 37.94 41.73 NOTE
r-release-macos-arm64 0.1.4 2.00 26.00 28.00 NOTE
r-release-macos-x86_64 0.1.4 4.00 39.00 43.00 NOTE
r-release-windows-x86_64 0.1.4 6.00 60.00 66.00 NOTE
r-oldrel-macos-arm64 0.1.4 2.00 27.00 29.00 NOTE
r-oldrel-macos-x86_64 0.1.4 3.00 32.00 35.00 NOTE
r-oldrel-windows-x86_64 0.1.4 9.00 70.00 79.00 NOTE

Check Details

Version: 0.1.4
Check: Rd files
Result: NOTE checkRd: (-1) smdocker_log.Rd:34: Lost braces in \itemize; meant \describe ? checkRd: (-1) smdocker_log.Rd:35-37: Lost braces in \itemize; meant \describe ? checkRd: (-1) smdocker_log.Rd:38: Lost braces in \itemize; meant \describe ? checkRd: (-1) smdocker_log.Rd:16: Lost braces in \itemize; meant \describe ? checkRd: (-1) smdocker_log.Rd:17: Lost braces in \itemize; meant \describe ? checkRd: (-1) smdocker_log.Rd:18: Lost braces in \itemize; meant \describe ? checkRd: (-1) smdocker_log.Rd:19: Lost braces in \itemize; meant \describe ? Flavors: r-devel-linux-x86_64-debian-clang, r-devel-linux-x86_64-debian-gcc, r-devel-linux-x86_64-fedora-clang, r-devel-linux-x86_64-fedora-gcc, r-devel-windows-x86_64, r-patched-linux-x86_64, r-release-linux-x86_64, r-release-macos-arm64, r-release-macos-x86_64, r-release-windows-x86_64, r-oldrel-macos-arm64, r-oldrel-macos-x86_64, r-oldrel-windows-x86_64