CRAN Package Check Results for Package smirnov

Last updated on 2025-10-22 09:50:52 CEST.

Flavor Version Tinstall Tcheck Ttotal Status Flags
r-devel-linux-x86_64-debian-clang 1.0-1 1.56 17.39 18.95 NOTE
r-devel-linux-x86_64-debian-gcc 1.0-1 1.31 14.97 16.28 NOTE
r-devel-linux-x86_64-fedora-clang 1.0-1 11.00 18.00 29.00 OK
r-devel-linux-x86_64-fedora-gcc 1.0-1 26.44 OK
r-devel-windows-x86_64 1.0-1 2.00 33.00 35.00 OK
r-patched-linux-x86_64 1.0-1 1.55 16.34 17.89 OK
r-release-linux-x86_64 1.0-1 1.53 16.47 18.00 OK
r-release-macos-arm64 1.0-1 1.00 13.00 14.00 OK
r-release-macos-x86_64 1.0-1 2.00 19.00 21.00 OK
r-release-windows-x86_64 1.0-1 2.00 37.00 39.00 OK
r-oldrel-macos-arm64 1.0-1 1.00 12.00 13.00 OK
r-oldrel-macos-x86_64 1.0-1 1.00 20.00 21.00 OK
r-oldrel-windows-x86_64 1.0-1 3.00 33.00 36.00 OK

Check Details

Version: 1.0-1
Check: CRAN incoming feasibility
Result: NOTE Maintainer: ‘Alexey Shipunov <dactylorhiza@gmail.com>’ No Authors@R field in DESCRIPTION. Please add one, modifying Authors@R: person(given = "Alexey", family = "Shipunov", role = c("aut", "cre"), email = "dactylorhiza@gmail.com", comment = "with help of Eugenij Altshuler") as necessary. Flavors: r-devel-linux-x86_64-debian-clang, r-devel-linux-x86_64-debian-gcc